CRAN Package Check Results for Package faq

Last updated on 2022-07-02 12:53:03 CEST.

Flavor Version Tinstall Tcheck Ttotal Status Flags
r-devel-linux-x86_64-debian-clang 0.1.1 2.15 30.20 32.35 NOTE
r-devel-linux-x86_64-debian-gcc 0.1.1 2.11 24.09 26.20 NOTE
r-devel-linux-x86_64-fedora-clang 0.1.1 51.05 NOTE
r-devel-linux-x86_64-fedora-gcc 0.1.1 49.85 NOTE
r-devel-windows-x86_64 0.1.1 10.00 62.00 72.00 NOTE
r-patched-linux-x86_64 0.1.1 2.12 29.77 31.89 NOTE
r-release-linux-x86_64 0.1.1 2.65 30.10 32.75 NOTE
r-release-macos-arm64 0.1.1 19.00 NOTE
r-release-macos-x86_64 0.1.1 25.00 NOTE
r-release-windows-x86_64 0.1.1 8.00 72.00 80.00 NOTE
r-oldrel-macos-arm64 0.1.1 22.00 NOTE
r-oldrel-macos-x86_64 0.1.1 29.00 NOTE
r-oldrel-windows-ix86+x86_64 0.1.1 7.00 45.00 52.00 NOTE

Check Details

Version: 0.1.1
Check: LazyData
Result: NOTE
     'LazyData' is specified without a 'data' directory
Flavors: r-devel-linux-x86_64-debian-clang, r-devel-linux-x86_64-debian-gcc, r-devel-linux-x86_64-fedora-clang, r-devel-linux-x86_64-fedora-gcc, r-devel-windows-x86_64, r-patched-linux-x86_64, r-release-linux-x86_64, r-release-macos-arm64, r-release-macos-x86_64, r-release-windows-x86_64, r-oldrel-macos-arm64, r-oldrel-macos-x86_64, r-oldrel-windows-ix86+x86_64