Last updated on 2023-09-23 11:50:16 CEST.
Flavor | Version | Tinstall | Tcheck | Ttotal | Status | Flags |
---|---|---|---|---|---|---|
r-devel-linux-x86_64-debian-clang | 0.2.13 | 178.84 | 22.35 | 201.19 | OK | |
r-devel-linux-x86_64-debian-gcc | 0.2.13 | 136.06 | 17.59 | 153.65 | OK | |
r-devel-linux-x86_64-fedora-clang | 0.2.13 | 287.25 | OK | |||
r-devel-linux-x86_64-fedora-gcc | 0.2.13 | 275.23 | OK | |||
r-devel-windows-x86_64 | 0.2.13 | 94.00 | 73.00 | 167.00 | OK | |
r-patched-linux-x86_64 | 0.2.13 | 177.34 | 22.01 | 199.35 | OK | |
r-release-linux-x86_64 | 0.2.13 | 177.19 | 21.81 | 199.00 | OK | |
r-release-macos-arm64 | 0.2.13 | 62.00 | NOTE | |||
r-release-macos-x86_64 | 0.2.13 | 138.00 | NOTE | |||
r-release-windows-x86_64 | 0.2.13 | 116.00 | 85.00 | 201.00 | OK | |
r-oldrel-macos-arm64 | 0.2.13 | 65.00 | NOTE | |||
r-oldrel-macos-x86_64 | 0.2.13 | 87.00 | NOTE | |||
r-oldrel-windows-x86_64 | 0.2.13 | 102.00 | 85.00 | 187.00 | OK |
Version: 0.2.13
Check: installed package size
Result: NOTE
installed size is 8.4Mb
sub-directories of 1Mb or more:
libs 8.3Mb
Flavors: r-release-macos-arm64, r-release-macos-x86_64, r-oldrel-macos-arm64, r-oldrel-macos-x86_64