Last updated on 2025-01-20 12:56:40 CET.
Flavor | Version | Tinstall | Tcheck | Ttotal | Status | Flags |
---|---|---|---|---|---|---|
r-devel-linux-x86_64-debian-clang | 0.2.17 | 156.27 | 17.74 | 174.01 | OK | |
r-devel-linux-x86_64-debian-gcc | 0.2.17 | 122.76 | 14.82 | 137.58 | OK | |
r-devel-linux-x86_64-fedora-clang | 0.2.17 | 367.03 | OK | |||
r-devel-linux-x86_64-fedora-gcc | 0.2.17 | 361.51 | OK | |||
r-devel-windows-x86_64 | 0.2.17 | 108.00 | 50.00 | 158.00 | OK | |
r-patched-linux-x86_64 | 0.2.17 | 157.29 | 16.95 | 174.24 | OK | |
r-release-linux-x86_64 | 0.2.17 | 158.97 | 17.07 | 176.04 | OK | |
r-release-macos-arm64 | 0.2.17 | 71.00 | NOTE | |||
r-release-macos-x86_64 | 0.2.17 | 169.00 | NOTE | |||
r-release-windows-x86_64 | 0.2.17 | 151.00 | 50.00 | 201.00 | OK | |
r-oldrel-macos-arm64 | 0.2.17 | 68.00 | NOTE | |||
r-oldrel-macos-x86_64 | 0.2.17 | 148.00 | NOTE | |||
r-oldrel-windows-x86_64 | 0.2.17 | 109.00 | 59.00 | 168.00 | OK |
Version: 0.2.17
Check: installed package size
Result: NOTE
installed size is 11.8Mb
sub-directories of 1Mb or more:
libs 11.7Mb
Flavors: r-release-macos-arm64, r-release-macos-x86_64, r-oldrel-macos-arm64, r-oldrel-macos-x86_64