Last updated on 2025-04-29 12:52:35 CEST.
Flavor | Version | Tinstall | Tcheck | Ttotal | Status | Flags |
---|---|---|---|---|---|---|
r-devel-linux-x86_64-debian-clang | 0.2 | 3.56 | 21.40 | 24.96 | NOTE | |
r-devel-linux-x86_64-debian-gcc | 0.2 | 2.31 | 16.82 | 19.13 | NOTE | |
r-devel-linux-x86_64-fedora-clang | 0.2 | 38.37 | OK | |||
r-devel-linux-x86_64-fedora-gcc | 0.2 | 36.59 | OK | |||
r-devel-windows-x86_64 | 0.2 | 5.00 | 51.00 | 56.00 | OK | |
r-patched-linux-x86_64 | 0.2 | 3.05 | 20.41 | 23.46 | OK | |
r-release-linux-x86_64 | 0.2 | 2.87 | 20.30 | 23.17 | OK | |
r-release-macos-arm64 | 0.2 | 17.00 | OK | |||
r-release-macos-x86_64 | 0.2 | 27.00 | OK | |||
r-release-windows-x86_64 | 0.2 | 5.00 | 53.00 | 58.00 | OK | |
r-oldrel-macos-arm64 | 0.2 | 16.00 | OK | |||
r-oldrel-macos-x86_64 | 0.2 | 23.00 | OK | |||
r-oldrel-windows-x86_64 | 0.2 | 6.00 | 40.00 | 46.00 | OK |
Version: 0.2
Check: CRAN incoming feasibility
Result: NOTE
Maintainer: ‘Hao Chen <hxchen@ucdavis.edu>’
No Authors@R field in DESCRIPTION.
Please add one, modifying
Authors@R: c(person(given = "Hao",
family = "Chen",
role = c("aut", "cre"),
email = "hxchen@ucdavis.edu"),
person(given = c("Nancy", "R."),
family = "Zhang",
role = "aut"))
as necessary.
Flavors: r-devel-linux-x86_64-debian-clang, r-devel-linux-x86_64-debian-gcc