Last updated on 2024-04-19 11:56:44 CEST.
Flavor | Version | Tinstall | Tcheck | Ttotal | Status | Flags |
---|---|---|---|---|---|---|
r-devel-linux-x86_64-debian-clang | 0.2.0 | 7.35 | 79.84 | 87.19 | NOTE | |
r-devel-linux-x86_64-debian-gcc | 0.2.0 | NOTE | ||||
r-devel-linux-x86_64-fedora-clang | 0.2.0 | 109.75 | NOTE | |||
r-devel-linux-x86_64-fedora-gcc | 0.2.0 | 115.82 | NOTE | |||
r-prerel-macos-arm64 | 0.2.0 | 40.00 | NOTE | |||
r-prerel-windows-x86_64 | 0.2.0 | 7.00 | 86.00 | 93.00 | NOTE | |
r-patched-linux-x86_64 | 0.2.0 | 7.33 | 75.14 | 82.47 | NOTE | |
r-release-linux-x86_64 | 0.2.0 | 8.62 | 75.00 | 83.62 | NOTE | |
r-release-macos-arm64 | 0.2.0 | 43.00 | NOTE | |||
r-release-macos-x86_64 | 0.2.0 | 61.00 | NOTE | |||
r-release-windows-x86_64 | 0.2.0 | 10.00 | 94.00 | 104.00 | NOTE | |
r-oldrel-macos-arm64 | 0.2.0 | 36.00 | OK | |||
r-oldrel-windows-x86_64 | 0.2.0 | 10.00 | 92.00 | 102.00 | OK |
Version: 0.2.0
Check: package subdirectories
Result: NOTE
Problems with news in ‘NEWS.md’:
Cannot extract version info from the following section titles:
minor changes
Flavors: r-devel-linux-x86_64-debian-clang, r-devel-linux-x86_64-debian-gcc, r-devel-linux-x86_64-fedora-clang, r-devel-linux-x86_64-fedora-gcc, r-prerel-macos-arm64, r-prerel-windows-x86_64, r-patched-linux-x86_64, r-release-linux-x86_64, r-release-macos-arm64, r-release-macos-x86_64, r-release-windows-x86_64