Last updated on 2022-06-30 11:53:07 CEST.
Flavor | Version | Tinstall | Tcheck | Ttotal | Status | Flags |
---|---|---|---|---|---|---|
r-devel-linux-x86_64-debian-clang | 0.4.0 | 17.85 | 203.50 | 221.35 | OK | |
r-devel-linux-x86_64-debian-gcc | 0.4.0 | 14.56 | 150.54 | 165.10 | OK | |
r-devel-linux-x86_64-fedora-clang | 0.4.0 | 275.43 | NOTE | |||
r-devel-linux-x86_64-fedora-gcc | 0.4.0 | 282.70 | NOTE | |||
r-devel-windows-x86_64 | 0.4.0 | 66.00 | 230.00 | 296.00 | OK | |
r-patched-linux-x86_64 | 0.4.0 | 12.72 | 192.12 | 204.84 | OK | |
r-release-linux-x86_64 | 0.4.0 | 17.11 | 190.38 | 207.49 | OK | |
r-release-macos-arm64 | 0.4.0 | 86.00 | NOTE | |||
r-release-macos-x86_64 | 0.4.0 | 150.00 | NOTE | |||
r-release-windows-x86_64 | 0.4.0 | 91.00 | 226.00 | 317.00 | OK | |
r-oldrel-macos-arm64 | 0.4.0 | 133.00 | NOTE | |||
r-oldrel-macos-x86_64 | 0.4.0 | 168.00 | NOTE | |||
r-oldrel-windows-ix86+x86_64 | 0.4.0 | 38.00 | 227.00 | 265.00 | OK |
Version: 0.4.0
Check: dependencies in R code
Result: NOTE
Namespaces in Imports field not imported from:
‘forcats’ ‘formula.tools’
All declared Imports should be used.
Flavors: r-devel-linux-x86_64-fedora-clang, r-devel-linux-x86_64-fedora-gcc, r-release-macos-arm64, r-release-macos-x86_64, r-oldrel-macos-arm64, r-oldrel-macos-x86_64