Last updated on 2022-07-05 11:49:53 CEST.
Flavor | Version | Tinstall | Tcheck | Ttotal | Status | Flags |
---|---|---|---|---|---|---|
r-devel-linux-x86_64-debian-clang | 1.2.1 | 19.01 | 57.09 | 76.10 | OK | |
r-devel-linux-x86_64-debian-gcc | 1.2.1 | 16.29 | 39.68 | 55.97 | OK | |
r-devel-linux-x86_64-fedora-clang | 1.2.1 | 109.99 | OK | |||
r-devel-linux-x86_64-fedora-gcc | 1.2.1 | 102.64 | OK | |||
r-devel-windows-x86_64 | 1.2.1 | 26.00 | 101.00 | 127.00 | OK | |
r-patched-linux-x86_64 | 1.2.1 | 18.15 | 50.35 | 68.50 | OK | |
r-release-linux-x86_64 | 1.2.1 | 17.87 | 51.60 | 69.47 | OK | |
r-release-macos-arm64 | 1.2.1 | 33.00 | OK | |||
r-release-macos-x86_64 | 1.2.1 | 14.00 | ERROR | |||
r-release-windows-x86_64 | 1.2.1 | 24.00 | 102.00 | 126.00 | OK | |
r-oldrel-macos-arm64 | 1.2.1 | 37.00 | OK | |||
r-oldrel-macos-x86_64 | 1.2.1 | 13.00 | ERROR | |||
r-oldrel-windows-ix86+x86_64 | 1.2.1 | 51.00 | 101.00 | 152.00 | OK |
Version: 1.2.1
Check: whether package can be installed
Result: ERROR
Installation failed.
Flavors: r-release-macos-x86_64, r-oldrel-macos-x86_64