Last updated on 2024-04-19 11:56:45 CEST.
Flavor | Version | Tinstall | Tcheck | Ttotal | Status | Flags |
---|---|---|---|---|---|---|
r-devel-linux-x86_64-debian-clang | 3042.78 | 5.48 | 52.78 | 58.26 | NOTE | |
r-devel-linux-x86_64-debian-gcc | 3042.78 | NOTE | ||||
r-devel-linux-x86_64-fedora-clang | 3042.78 | 71.46 | NOTE | |||
r-devel-linux-x86_64-fedora-gcc | 3042.78 | 67.05 | NOTE | |||
r-prerel-macos-arm64 | 3042.78 | 24.00 | NOTE | |||
r-prerel-windows-x86_64 | 3042.78 | 5.00 | 54.00 | 59.00 | NOTE | |
r-patched-linux-x86_64 | 3042.78 | 4.70 | 49.94 | 54.64 | NOTE | |
r-release-linux-x86_64 | 3042.78 | 4.34 | 50.48 | 54.82 | NOTE | |
r-release-macos-arm64 | 3042.78 | 25.00 | NOTE | |||
r-release-macos-x86_64 | 3042.78 | 37.00 | NOTE | |||
r-release-windows-x86_64 | 3042.78 | 7.00 | 58.00 | 65.00 | NOTE | |
r-oldrel-macos-arm64 | 3042.78 | 27.00 | NOTE | |||
r-oldrel-windows-x86_64 | 3042.78 | 7.00 | 66.00 | 73.00 | NOTE |
Version: 3042.78
Check: LazyData
Result: NOTE
'LazyData' is specified without a 'data' directory
Flavors: r-devel-linux-x86_64-debian-clang, r-devel-linux-x86_64-debian-gcc, r-devel-linux-x86_64-fedora-clang, r-devel-linux-x86_64-fedora-gcc, r-prerel-macos-arm64, r-prerel-windows-x86_64, r-patched-linux-x86_64, r-release-linux-x86_64, r-release-macos-arm64, r-release-macos-x86_64, r-release-windows-x86_64, r-oldrel-macos-arm64, r-oldrel-windows-x86_64