Last updated on 2025-11-12 11:51:13 CET.
| Flavor | Version | Tinstall | Tcheck | Ttotal | Status | Flags |
|---|---|---|---|---|---|---|
| r-devel-linux-x86_64-debian-clang | 4041.97 | 73.76 | 133.23 | 206.99 | NOTE | |
| r-devel-linux-x86_64-debian-gcc | 4041.97 | 51.59 | 87.52 | 139.11 | NOTE | |
| r-devel-linux-x86_64-fedora-clang | 4041.97 | 154.00 | 166.97 | 320.97 | NOTE | |
| r-devel-linux-x86_64-fedora-gcc | 4041.97 | 139.00 | 161.02 | 300.02 | NOTE | |
| r-devel-windows-x86_64 | 4041.97 | 74.00 | 149.00 | 223.00 | NOTE | |
| r-patched-linux-x86_64 | 4041.97 | 64.67 | 126.75 | 191.42 | OK | |
| r-release-linux-x86_64 | 4041.97 | 64.37 | 126.91 | 191.28 | OK | |
| r-release-macos-arm64 | 4041.97 | 41.00 | 55.00 | 96.00 | OK | |
| r-release-macos-x86_64 | 4041.97 | 96.00 | 104.00 | 200.00 | OK | |
| r-release-windows-x86_64 | 4041.97 | 76.00 | 148.00 | 224.00 | OK | |
| r-oldrel-macos-arm64 | 4041.97 | 39.00 | 54.00 | 93.00 | OK | |
| r-oldrel-macos-x86_64 | 4041.97 | 127.00 | 133.00 | 260.00 | OK | |
| r-oldrel-windows-x86_64 | 4041.97 | 98.00 | 182.00 | 280.00 | OK |
Version: 4041.97
Check: Rd files
Result: NOTE
checkRd: (-1) plot-qqPlot.Rd:104-108: Only 2 columns allowed in this table (row 1 has 1)
checkRd: (-1) plot-qqPlot.Rd:104-108: Only 2 columns allowed in this table (row 2 has 1)
checkRd: (-1) plot-qqPlot.Rd:104-108: Only 2 columns allowed in this table (row 3 has 1)
checkRd: (-1) plot-qqPlot.Rd:104-108: Only 2 columns allowed in this table (row 4 has 1)
Flavors: r-devel-linux-x86_64-debian-clang, r-devel-linux-x86_64-debian-gcc, r-devel-linux-x86_64-fedora-clang, r-devel-linux-x86_64-fedora-gcc, r-devel-windows-x86_64