Last updated on 2022-06-28 12:52:23 CEST.
Flavor | Version | Tinstall | Tcheck | Ttotal | Status | Flags |
---|---|---|---|---|---|---|
r-devel-linux-x86_64-debian-clang | 3042.84 | 9.28 | 85.14 | 94.42 | NOTE | |
r-devel-linux-x86_64-debian-gcc | 3042.84 | 6.94 | 65.75 | 72.69 | NOTE | |
r-devel-linux-x86_64-fedora-clang | 3042.84 | 125.55 | NOTE | |||
r-devel-linux-x86_64-fedora-gcc | 3042.84 | 124.95 | NOTE | |||
r-devel-windows-x86_64 | 3042.84 | 32.00 | 108.00 | 140.00 | NOTE | |
r-patched-linux-x86_64 | 3042.84 | 10.98 | 83.63 | 94.61 | NOTE | |
r-release-linux-x86_64 | 3042.84 | 11.13 | 83.37 | 94.50 | NOTE | |
r-release-macos-arm64 | 3042.84 | 36.00 | NOTE | |||
r-release-macos-x86_64 | 3042.84 | 49.00 | NOTE | |||
r-release-windows-x86_64 | 3042.84 | 42.00 | 111.00 | 153.00 | NOTE | |
r-oldrel-macos-arm64 | 3042.84 | 44.00 | NOTE | |||
r-oldrel-macos-x86_64 | 3042.84 | 59.00 | NOTE | |||
r-oldrel-windows-ix86+x86_64 | 3042.84 | 22.00 | 101.00 | 123.00 | NOTE |
Version: 3042.84
Check: LazyData
Result: NOTE
'LazyData' is specified without a 'data' directory
Flavors: r-devel-linux-x86_64-debian-clang, r-devel-linux-x86_64-debian-gcc, r-devel-linux-x86_64-fedora-clang, r-devel-linux-x86_64-fedora-gcc, r-devel-windows-x86_64, r-patched-linux-x86_64, r-release-linux-x86_64, r-release-macos-arm64, r-release-macos-x86_64, r-release-windows-x86_64, r-oldrel-macos-arm64, r-oldrel-macos-x86_64, r-oldrel-windows-ix86+x86_64