Last updated on 2025-04-29 12:52:35 CEST.
Flavor | Version | Tinstall | Tcheck | Ttotal | Status | Flags |
---|---|---|---|---|---|---|
r-devel-linux-x86_64-debian-clang | 1.0.0 | 1.82 | 17.95 | 19.77 | NOTE | |
r-devel-linux-x86_64-debian-gcc | 1.0.0 | 1.53 | 14.94 | 16.47 | NOTE | |
r-devel-linux-x86_64-fedora-clang | 1.0.0 | 30.31 | OK | |||
r-devel-linux-x86_64-fedora-gcc | 1.0.0 | 28.73 | OK | |||
r-devel-windows-x86_64 | 1.0.0 | 3.00 | 38.00 | 41.00 | OK | |
r-patched-linux-x86_64 | 1.0.0 | 1.75 | 16.89 | 18.64 | OK | |
r-release-linux-x86_64 | 1.0.0 | 1.58 | 16.96 | 18.54 | OK | |
r-release-macos-arm64 | 1.0.0 | 16.00 | OK | |||
r-release-macos-x86_64 | 1.0.0 | 23.00 | OK | |||
r-release-windows-x86_64 | 1.0.0 | 3.00 | 40.00 | 43.00 | OK | |
r-oldrel-macos-arm64 | 1.0.0 | 14.00 | OK | |||
r-oldrel-macos-x86_64 | 1.0.0 | 19.00 | OK | |||
r-oldrel-windows-x86_64 | 1.0.0 | 3.00 | 45.00 | 48.00 | OK |
Version: 1.0.0
Check: CRAN incoming feasibility
Result: NOTE
Maintainer: ‘Timothy Koscik <timothy-koscik@uiowa.edu>’
No Authors@R field in DESCRIPTION.
Please add one, modifying
Authors@R: c(person(given = c("Timothy", "R."),
family = "Koscik",
role = c("aut", "cre", "cph")),
person(given = "Timothy",
family = "Koscik",
role = "cre",
email = "timothy-koscik@uiowa.edu"))
as necessary.
Flavors: r-devel-linux-x86_64-debian-clang, r-devel-linux-x86_64-debian-gcc