Last updated on 2024-03-28 09:51:42 CET.
Flavor | Version | Tinstall | Tcheck | Ttotal | Status | Flags |
---|---|---|---|---|---|---|
r-devel-linux-x86_64-debian-clang | 0.2.1 | 8.34 | 479.91 | 488.25 | OK | |
r-devel-linux-x86_64-debian-gcc | 0.2.1 | 8.75 | 353.70 | 362.45 | OK | |
r-devel-linux-x86_64-fedora-clang | 0.2.1 | 654.49 | NOTE | |||
r-devel-linux-x86_64-fedora-gcc | 0.2.1 | 624.49 | NOTE | |||
r-devel-windows-x86_64 | 0.2.1 | 10.00 | 318.00 | 328.00 | NOTE | |
r-patched-linux-x86_64 | 0.2.1 | 7.31 | 481.44 | 488.75 | OK | |
r-release-linux-x86_64 | 0.2.1 | 6.32 | 477.55 | 483.87 | OK | |
r-release-macos-arm64 | 0.2.1 | 171.00 | OK | |||
r-release-macos-x86_64 | 0.2.1 | 493.00 | OK | |||
r-release-windows-x86_64 | 0.2.1 | 12.00 | 449.00 | 461.00 | NOTE | |
r-oldrel-macos-arm64 | 0.2.1 | 176.00 | OK | |||
r-oldrel-windows-x86_64 | 0.2.1 | 13.00 | 446.00 | 459.00 | NOTE |
Version: 0.2.1
Check: dependencies in R code
Result: NOTE
Namespace in Imports field not imported from: ‘rlang’
All declared Imports should be used.
Flavors: r-devel-linux-x86_64-fedora-clang, r-devel-linux-x86_64-fedora-gcc
Version: 0.2.1
Check: package dependencies
Result: NOTE
Package suggested but not available for checking: 'doMC'
Flavors: r-devel-windows-x86_64, r-release-windows-x86_64, r-oldrel-windows-x86_64