Last updated on 2023-02-02 11:53:59 CET.
Flavor | Version | Tinstall | Tcheck | Ttotal | Status | Flags |
---|---|---|---|---|---|---|
r-devel-linux-x86_64-debian-clang | 1.2.1 | 8.02 | 97.68 | 105.70 | NOTE | |
r-devel-linux-x86_64-debian-gcc | 1.2.1 | 5.94 | 73.13 | 79.07 | NOTE | |
r-devel-linux-x86_64-fedora-clang | 1.2.1 | 135.80 | NOTE | |||
r-devel-linux-x86_64-fedora-gcc | 1.2.1 | 141.65 | NOTE | |||
r-devel-windows-x86_64 | 1.2.1 | 38.00 | 141.00 | 179.00 | NOTE | |
r-patched-linux-x86_64 | 1.2.1 | 10.05 | 88.07 | 98.12 | OK | |
r-release-linux-x86_64 | 1.2.1 | 7.33 | 95.39 | 102.72 | OK | |
r-release-macos-arm64 | 1.2.1 | 38.00 | OK | |||
r-release-macos-x86_64 | 1.2.1 | 75.00 | OK | |||
r-release-windows-x86_64 | 1.2.1 | 35.00 | 132.00 | 167.00 | OK | |
r-oldrel-macos-arm64 | 1.2.1 | 48.00 | OK | |||
r-oldrel-macos-x86_64 | 1.2.1 | 49.00 | OK | |||
r-oldrel-windows-ix86+x86_64 | 1.2.1 | 17.00 | 121.00 | 138.00 | OK |
Version: 1.2.1
Check: package subdirectories
Result: NOTE
Problems with news in ‘NEWS.md’:
Cannot extract version info from the following section titles:
Functions and objects (details)
Flavors: r-devel-linux-x86_64-debian-clang, r-devel-linux-x86_64-debian-gcc, r-devel-linux-x86_64-fedora-clang, r-devel-linux-x86_64-fedora-gcc, r-devel-windows-x86_64