Last updated on 2024-04-23 10:54:02 CEST.
Flavor | Version | Tinstall | Tcheck | Ttotal | Status | Flags |
---|---|---|---|---|---|---|
r-devel-linux-x86_64-debian-clang | 2.0 | 35.91 | 286.96 | 322.87 | OK | |
r-devel-linux-x86_64-debian-gcc | 2.0 | 25.05 | 200.77 | 225.82 | OK | |
r-devel-linux-x86_64-fedora-clang | 2.0 | 394.39 | NOTE | |||
r-devel-linux-x86_64-fedora-gcc | 2.0 | 368.88 | NOTE | |||
r-prerel-macos-arm64 | 2.0 | 84.00 | OK | |||
r-prerel-macos-x86_64 | 2.0 | 310.00 | OK | |||
r-prerel-windows-x86_64 | 2.0 | 26.00 | 172.00 | 198.00 | OK | |
r-patched-linux-x86_64 | 2.0 | 28.92 | 270.28 | 299.20 | OK | |
r-release-linux-x86_64 | 2.0 | 33.53 | 269.96 | 303.49 | OK | |
r-release-macos-arm64 | 2.0 | 84.00 | OK | |||
r-release-macos-x86_64 | 2.0 | 210.00 | OK | |||
r-release-windows-x86_64 | 2.0 | 36.00 | 235.00 | 271.00 | OK | |
r-oldrel-macos-arm64 | 2.0 | 92.00 | OK | |||
r-oldrel-windows-x86_64 | 2.0 | 35.00 | 238.00 | 273.00 | OK |
Version: 2.0
Check: data for non-ASCII characters
Result: NOTE
Note: found 1 marked UTF-8 string
Flavors: r-devel-linux-x86_64-fedora-clang, r-devel-linux-x86_64-fedora-gcc