CRAN Package Check Results for Package exploreR

Last updated on 2022-07-05 11:49:52 CEST.

Flavor Version Tinstall Tcheck Ttotal Status Flags
r-devel-linux-x86_64-debian-clang 0.1 1.99 36.89 38.88 NOTE
r-devel-linux-x86_64-debian-gcc 0.1 1.79 27.34 29.13 NOTE
r-devel-linux-x86_64-fedora-clang 0.1 57.59 NOTE
r-devel-linux-x86_64-fedora-gcc 0.1 57.42 NOTE
r-devel-windows-x86_64 0.1 11.00 65.00 76.00 NOTE
r-patched-linux-x86_64 0.1 2.47 35.39 37.86 NOTE
r-release-linux-x86_64 0.1 2.25 35.34 37.59 NOTE
r-release-macos-arm64 0.1 20.00 NOTE
r-release-macos-x86_64 0.1 35.00 NOTE
r-release-windows-x86_64 0.1 10.00 64.00 74.00 NOTE
r-oldrel-macos-arm64 0.1 22.00 NOTE
r-oldrel-macos-x86_64 0.1 31.00 NOTE
r-oldrel-windows-ix86+x86_64 0.1 6.00 54.00 60.00 NOTE

Check Details

Version: 0.1
Check: LazyData
Result: NOTE
     'LazyData' is specified without a 'data' directory
Flavors: r-devel-linux-x86_64-debian-clang, r-devel-linux-x86_64-debian-gcc, r-devel-linux-x86_64-fedora-clang, r-devel-linux-x86_64-fedora-gcc, r-devel-windows-x86_64, r-patched-linux-x86_64, r-release-linux-x86_64, r-release-macos-arm64, r-release-macos-x86_64, r-release-windows-x86_64, r-oldrel-macos-arm64, r-oldrel-macos-x86_64, r-oldrel-windows-ix86+x86_64