Last updated on 2023-09-24 12:28:17 CEST.
Flavor | Version | Tinstall | Tcheck | Ttotal | Status | Flags |
---|---|---|---|---|---|---|
r-devel-linux-x86_64-debian-clang | 1.2.0 | 859.31 | 373.22 | 1232.53 | NOTE | |
r-devel-linux-x86_64-debian-gcc | 1.2.0 | 725.45 | 310.86 | 1036.31 | NOTE | |
r-devel-linux-x86_64-fedora-clang | 1.2.0 | 1567.81 | NOTE | |||
r-devel-linux-x86_64-fedora-gcc | 1.2.0 | 1972.11 | NOTE | |||
r-devel-windows-x86_64 | 1.2.0 | 693.00 | 319.00 | 1012.00 | NOTE | |
r-patched-linux-x86_64 | 1.2.0 | 702.91 | 405.63 | 1108.54 | NOTE | |
r-release-linux-x86_64 | 1.2.0 | 761.42 | 406.80 | 1168.22 | NOTE | |
r-release-macos-arm64 | 1.2.0 | 311.00 | NOTE | |||
r-release-macos-x86_64 | 1.2.0 | 376.00 | NOTE | |||
r-release-windows-x86_64 | 1.2.0 | 876.00 | 409.00 | 1285.00 | NOTE | |
r-oldrel-macos-arm64 | 1.2.0 | 297.00 | NOTE | |||
r-oldrel-macos-x86_64 | 1.2.0 | 452.00 | NOTE | |||
r-oldrel-windows-x86_64 | 1.2.0 | 845.00 | 392.00 | 1237.00 | NOTE |
Version: 1.2.0
Check: for GNU extensions in Makefiles
Result: NOTE
GNU make is a SystemRequirements.
Flavors: r-devel-linux-x86_64-debian-clang, r-devel-linux-x86_64-debian-gcc, r-devel-linux-x86_64-fedora-clang, r-devel-linux-x86_64-fedora-gcc, r-devel-windows-x86_64, r-patched-linux-x86_64, r-release-linux-x86_64, r-release-macos-arm64, r-release-macos-x86_64, r-release-windows-x86_64, r-oldrel-macos-arm64, r-oldrel-macos-x86_64, r-oldrel-windows-x86_64
Version: 1.2.0
Check: installed package size
Result: NOTE
installed size is 9.0Mb
sub-directories of 1Mb or more:
libs 6.7Mb
Flavors: r-devel-linux-x86_64-fedora-clang, r-devel-windows-x86_64, r-release-macos-arm64, r-release-macos-x86_64, r-release-windows-x86_64, r-oldrel-macos-arm64, r-oldrel-macos-x86_64, r-oldrel-windows-x86_64
Version: 1.2.0
Check: dependencies in R code
Result: NOTE
Namespaces in Imports field not imported from:
‘RcppParallel’ ‘rstantools’
All declared Imports should be used.
Flavors: r-devel-linux-x86_64-fedora-clang, r-devel-linux-x86_64-fedora-gcc