CRAN Package Check Results for Package expandFunctions

Last updated on 2025-05-04 12:48:40 CEST.

Flavor Version Tinstall Tcheck Ttotal Status Flags
r-devel-linux-x86_64-debian-clang 0.1.0 2.40 30.77 33.17 OK
r-devel-linux-x86_64-debian-gcc 0.1.0 2.04 24.45 26.49 OK
r-devel-linux-x86_64-fedora-clang 0.1.0 49.85 NOTE
r-devel-linux-x86_64-fedora-gcc 0.1.0 48.22 NOTE
r-devel-windows-x86_64 0.1.0 4.00 61.00 65.00 OK
r-patched-linux-x86_64 0.1.0 2.81 28.51 31.32 OK
r-release-linux-x86_64 0.1.0 2.37 28.49 30.86 OK
r-release-macos-arm64 0.1.0 28.00 OK
r-release-macos-x86_64 0.1.0 37.00 OK
r-release-windows-x86_64 0.1.0 4.00 55.00 59.00 OK
r-oldrel-macos-arm64 0.1.0 20.00 NOTE
r-oldrel-macos-x86_64 0.1.0 26.00 NOTE
r-oldrel-windows-x86_64 0.1.0 5.00 60.00 65.00 NOTE

Check Details

Version: 0.1.0
Check: dependencies in R code
Result: NOTE Namespace in Imports field not imported from: ‘polynom’ All declared Imports should be used. Flavors: r-devel-linux-x86_64-fedora-clang, r-devel-linux-x86_64-fedora-gcc

Version: 0.1.0
Check: LazyData
Result: NOTE 'LazyData' is specified without a 'data' directory Flavors: r-oldrel-macos-arm64, r-oldrel-macos-x86_64, r-oldrel-windows-x86_64