Last updated on 2023-11-28 13:50:52 CET.
Flavor | Version | Tinstall | Tcheck | Ttotal | Status | Flags |
---|---|---|---|---|---|---|
r-devel-linux-x86_64-debian-clang | 1.2.2 | 38.27 | 118.17 | 156.44 | WARN | |
r-devel-linux-x86_64-debian-gcc | 1.2.2 | 30.58 | 87.16 | 117.74 | NOTE | |
r-devel-linux-x86_64-fedora-clang | 1.2.2 | 205.93 | WARN | |||
r-devel-linux-x86_64-fedora-gcc | 1.2.2 | 215.82 | OK | |||
r-devel-windows-x86_64 | 1.2.2 | 34.00 | 142.00 | 176.00 | OK | |
r-patched-linux-x86_64 | 1.2.2 | 41.52 | 114.08 | 155.60 | OK | |
r-release-linux-x86_64 | 1.2.2 | 36.97 | 112.75 | 149.72 | OK | |
r-release-macos-arm64 | 1.2.2 | 70.00 | OK | |||
r-release-macos-x86_64 | 1.2.2 | 129.00 | OK | |||
r-release-windows-x86_64 | 1.2.2 | 46.00 | 160.00 | 206.00 | OK | |
r-oldrel-macos-arm64 | 1.2.2 | 65.00 | OK | |||
r-oldrel-macos-x86_64 | 1.2.2 | 79.00 | OK | |||
r-oldrel-windows-x86_64 | 1.2.2 | 44.00 | 155.00 | 199.00 | OK |
Version: 1.2.2
Check: whether package can be installed
Result: WARN
Found the following significant warnings:
RcppExports.cpp:47:18: warning: format string is not a string literal (potentially insecure) [-Wformat-security]
RcppExports.cpp:82:18: warning: format string is not a string literal (potentially insecure) [-Wformat-security]
RcppExports.cpp:116:18: warning: format string is not a string literal (potentially insecure) [-Wformat-security]
RcppExports.cpp:155:18: warning: format string is not a string literal (potentially insecure) [-Wformat-security]
See ‘/home/hornik/tmp/R.check/r-devel-clang/Work/PKGS/exdex.Rcheck/00install.out’ for details.
* used C++ compiler: ‘Debian clang version 17.0.5 (1)’
Flavor: r-devel-linux-x86_64-debian-clang
Version: 1.2.2
Check: Rd files
Result: NOTE
checkRd: (-1) uccle.Rd:11: Lost braces in \itemize; meant \describe ?
checkRd: (-1) uccle.Rd:12: Lost braces in \itemize; meant \describe ?
checkRd: (-1) uccle.Rd:13: Lost braces in \itemize; meant \describe ?
checkRd: (-1) uccle.Rd:14: Lost braces in \itemize; meant \describe ?
checkRd: (-1) uccle.Rd:15-16: Lost braces in \itemize; meant \describe ?
checkRd: (-1) uccle720.Rd:11: Lost braces in \itemize; meant \describe ?
checkRd: (-1) uccle720.Rd:12: Lost braces in \itemize; meant \describe ?
checkRd: (-1) uccle720.Rd:13: Lost braces in \itemize; meant \describe ?
checkRd: (-1) uccle720.Rd:14: Lost braces in \itemize; meant \describe ?
checkRd: (-1) uccle720.Rd:15-16: Lost braces in \itemize; meant \describe ?
Flavors: r-devel-linux-x86_64-debian-clang, r-devel-linux-x86_64-debian-gcc
Version: 1.2.2
Check: whether package can be installed
Result: WARN
Found the following significant warnings:
RcppExports.cpp:47:18: warning: format string is not a string literal (potentially insecure) [-Wformat-security]
RcppExports.cpp:82:18: warning: format string is not a string literal (potentially insecure) [-Wformat-security]
RcppExports.cpp:116:18: warning: format string is not a string literal (potentially insecure) [-Wformat-security]
RcppExports.cpp:155:18: warning: format string is not a string literal (potentially insecure) [-Wformat-security]
See ‘/data/gannet/ripley/R/packages/tests-clang/exdex.Rcheck/00install.out’ for details.
* used C++ compiler: ‘clang version 17.0.5’
Flavor: r-devel-linux-x86_64-fedora-clang