CRAN Package Check Results for Package exceedProb

Last updated on 2022-07-05 11:49:52 CEST.

Flavor Version Tinstall Tcheck Ttotal Status Flags
r-devel-linux-x86_64-debian-clang 0.0.1 27.67 26.77 54.44 NOTE
r-devel-linux-x86_64-debian-gcc 0.0.1 24.85 21.02 45.87 NOTE
r-devel-linux-x86_64-fedora-clang 0.0.1 93.11 NOTE
r-devel-linux-x86_64-fedora-gcc 0.0.1 82.15 NOTE
r-devel-windows-x86_64 0.0.1 32.00 71.00 103.00 NOTE
r-patched-linux-x86_64 0.0.1 25.53 26.81 52.34 NOTE
r-release-linux-x86_64 0.0.1 29.62 26.42 56.04 NOTE
r-release-macos-arm64 0.0.1 24.00 NOTE
r-release-macos-x86_64 0.0.1 33.00 NOTE
r-release-windows-x86_64 0.0.1 38.00 72.00 110.00 NOTE
r-oldrel-macos-arm64 0.0.1 30.00 NOTE
r-oldrel-macos-x86_64 0.0.1 48.00 NOTE
r-oldrel-windows-ix86+x86_64 0.0.1 77.00 68.00 145.00 NOTE

Check Details

Version: 0.0.1
Check: LazyData
Result: NOTE
     'LazyData' is specified without a 'data' directory
Flavors: r-devel-linux-x86_64-debian-clang, r-devel-linux-x86_64-debian-gcc, r-devel-linux-x86_64-fedora-clang, r-devel-linux-x86_64-fedora-gcc, r-devel-windows-x86_64, r-patched-linux-x86_64, r-release-linux-x86_64, r-release-macos-arm64, r-release-macos-x86_64, r-release-windows-x86_64, r-oldrel-macos-arm64, r-oldrel-macos-x86_64, r-oldrel-windows-ix86+x86_64