CRAN Package Check Results for Package exams2sakai

Last updated on 2022-06-26 11:52:31 CEST.

Flavor Version Tinstall Tcheck Ttotal Status Flags
r-devel-linux-x86_64-debian-clang 0.3 3.92 30.24 34.16 NOTE
r-devel-linux-x86_64-debian-gcc 0.3 3.02 23.39 26.41 NOTE
r-devel-linux-x86_64-fedora-clang 0.3 53.11 NOTE
r-devel-linux-x86_64-fedora-gcc 0.3 50.60 NOTE
r-devel-windows-x86_64 0.3 14.00 52.00 66.00 NOTE
r-patched-linux-x86_64 0.3 5.73 29.82 35.55 OK
r-release-linux-x86_64 0.3 2.88 29.17 32.05 OK
r-release-macos-arm64 0.3 17.00 OK
r-release-macos-x86_64 0.3 24.00 OK
r-release-windows-x86_64 0.3 15.00 53.00 68.00 OK
r-oldrel-macos-arm64 0.3 20.00 OK
r-oldrel-macos-x86_64 0.3 28.00 OK
r-oldrel-windows-ix86+x86_64 0.3 8.00 44.00 52.00 OK

Check Details

Version: 0.3
Check: Rd files
Result: NOTE
    checkRd: (-1) exams2sakai.Rd:152: Escaped LaTeX specials: \&
Flavors: r-devel-linux-x86_64-debian-clang, r-devel-linux-x86_64-debian-gcc, r-devel-linux-x86_64-fedora-clang, r-devel-linux-x86_64-fedora-gcc, r-devel-windows-x86_64

Version: 0.3
Check: Rd cross-references
Result: NOTE
    Undeclared package ‘tth’ in Rd xrefs
Flavor: r-devel-linux-x86_64-fedora-clang