Last updated on 2025-11-04 11:52:30 CET.
| Flavor | Version | Tinstall | Tcheck | Ttotal | Status | Flags | 
|---|---|---|---|---|---|---|
| r-devel-linux-x86_64-debian-clang | 0.10.0 | 78.53 | 366.10 | 444.63 | NOTE | |
| r-devel-linux-x86_64-debian-gcc | 0.10.0 | 51.46 | 241.67 | 293.13 | NOTE | |
| r-devel-linux-x86_64-fedora-clang | 0.10.0 | 160.00 | 562.06 | 722.06 | NOTE | |
| r-devel-linux-x86_64-fedora-gcc | 0.10.0 | 141.00 | 548.59 | 689.59 | NOTE | |
| r-devel-windows-x86_64 | 0.10.0 | 86.00 | 323.00 | 409.00 | NOTE | |
| r-patched-linux-x86_64 | 0.10.0 | 75.55 | 348.43 | 423.98 | NOTE | |
| r-release-linux-x86_64 | 0.10.0 | 79.33 | 346.88 | 426.21 | NOTE | |
| r-release-macos-arm64 | 0.10.0 | 40.00 | 165.00 | 205.00 | NOTE | |
| r-release-macos-x86_64 | 0.10.0 | 58.00 | 376.00 | 434.00 | NOTE | |
| r-release-windows-x86_64 | 0.10.0 | 84.00 | 326.00 | 410.00 | NOTE | |
| r-oldrel-macos-arm64 | 0.10.0 | 44.00 | 146.00 | 190.00 | NOTE | |
| r-oldrel-macos-x86_64 | 0.10.0 | 43.00 | 254.00 | 297.00 | NOTE | |
| r-oldrel-windows-x86_64 | 0.10.0 | 106.00 | 460.00 | 566.00 | NOTE | 
Version: 0.10.0
Check: C++ specification
Result: NOTE
    Specified C++14: please drop specification unless essential
Flavors: r-devel-linux-x86_64-debian-clang, r-devel-linux-x86_64-debian-gcc, r-devel-linux-x86_64-fedora-clang, r-devel-linux-x86_64-fedora-gcc, r-devel-windows-x86_64, r-patched-linux-x86_64, r-release-linux-x86_64, r-release-macos-arm64, r-release-macos-x86_64, r-release-windows-x86_64, r-oldrel-macos-arm64, r-oldrel-macos-x86_64, r-oldrel-windows-x86_64
Version: 0.10.0
Check: installed package size
Result: NOTE
    installed size is  7.5Mb
    sub-directories of 1Mb or more:
      libs   6.6Mb
Flavors: r-oldrel-macos-arm64, r-oldrel-macos-x86_64