CRAN Package Check Results for Package exactci

Last updated on 2022-08-08 10:56:21 CEST.

Flavor Version Tinstall Tcheck Ttotal Status Flags
r-devel-linux-x86_64-debian-clang 1.4-2 5.07 44.75 49.82 OK
r-devel-linux-x86_64-debian-gcc 1.4-2 3.48 34.80 38.28 OK
r-devel-linux-x86_64-fedora-clang 1.4-2 76.00 NOTE
r-devel-linux-x86_64-fedora-gcc 1.4-2 70.58 OK
r-devel-windows-x86_64 1.4-2 14.00 79.00 93.00 OK
r-patched-linux-x86_64 1.4-2 9.58 44.07 53.65 OK
r-release-linux-x86_64 1.4-2 OK
r-release-macos-arm64 1.4-2 25.00 OK
r-release-macos-x86_64 1.4-2 47.00 OK
r-release-windows-x86_64 1.4-2 14.00 80.00 94.00 OK
r-oldrel-macos-arm64 1.4-2 35.00 OK
r-oldrel-macos-x86_64 1.4-2 32.00 OK
r-oldrel-windows-ix86+x86_64 1.4-2 11.00 66.00 77.00 OK

Check Details

Version: 1.4-2
Check: Rd cross-references
Result: NOTE
    Undeclared package ‘exact2x2’ in Rd xrefs
Flavor: r-devel-linux-x86_64-fedora-clang