CRAN Package Check Results for Package evoper

Last updated on 2024-02-26 12:54:22 CET.

Flavor Version Tinstall Tcheck Ttotal Status Flags
r-devel-linux-x86_64-debian-clang 0.5.0 22.86 176.45 199.31 NOTE
r-devel-linux-x86_64-debian-gcc 0.5.0 17.58 129.65 147.23 NOTE
r-devel-linux-x86_64-fedora-clang 0.5.0 222.32 NOTE
r-devel-linux-x86_64-fedora-gcc 0.5.0 229.32 NOTE
r-devel-windows-x86_64 0.5.0 19.00 142.00 161.00 NOTE
r-patched-linux-x86_64 0.5.0 14.83 158.74 173.57 NOTE
r-release-linux-x86_64 0.5.0 14.43 157.86 172.29 NOTE
r-release-macos-arm64 0.5.0 68.00 NOTE
r-release-macos-x86_64 0.5.0 119.00 NOTE
r-release-windows-x86_64 0.5.0 24.00 171.00 195.00 NOTE
r-oldrel-macos-arm64 0.5.0 53.00 NOTE
r-oldrel-windows-x86_64 0.5.0 27.00 151.00 178.00 NOTE

Check Details

Version: 0.5.0
Check: Rd files
Result: NOTE checkRd: (-1) f0.ackley.Rd:18: Lost braces; missing escapes or markup? 18 | xi = 0, forall i E {1...N}, f(x) = 0. | ^ checkRd: (-1) f0.ackley4.Rd:24: Lost braces; missing escapes or markup? 24 | xi = 0, forall i E {1...N}, f(x) = 0. | ^ checkRd: (-1) f0.bohachevsky.Rd:18: Lost braces; missing escapes or markup? 18 | xi = 0, forall i E {1...N}, f(x) = 0. | ^ checkRd: (-1) f0.bohachevsky4.Rd:24: Lost braces; missing escapes or markup? 24 | xi = 0, forall i E {1...N}, f(x) = 0. | ^ checkRd: (-1) f0.cigar.Rd:18: Lost braces; missing escapes or markup? 18 | xi = 0, forall i E {1...N}, f(x) = 0. | ^ checkRd: (-1) f0.cigar4.Rd:24: Lost braces; missing escapes or markup? 24 | xi = 0, forall i E {1...N}, f(x) = 0. | ^ checkRd: (-1) f0.griewank.Rd:18: Lost braces; missing escapes or markup? 18 | xi = 0, forall i E {1...N}, f(x) = 0. | ^ checkRd: (-1) f0.griewank4.Rd:24: Lost braces; missing escapes or markup? 24 | xi = 0, forall i E {1...N}, f(x) = 0. | ^ checkRd: (-1) f0.rosenbrock4.Rd:24: Lost braces; missing escapes or markup? 24 | xi = 1, forall i E {1...N}, f(x) = 0. | ^ checkRd: (-1) f0.rosenbrockn.Rd:18: Lost braces; missing escapes or markup? 18 | xi = 1, forall i E {1...N}, f(x) = 0. | ^ checkRd: (-1) f0.schaffer.Rd:18: Lost braces; missing escapes or markup? 18 | xi = 0, forall i E {1...N}, f(x) = 0. | ^ checkRd: (-1) f0.schaffer4.Rd:24: Lost braces; missing escapes or markup? 24 | xi = 0, forall i E {1...N}, f(x) = 0. | ^ checkRd: (-1) f0.schwefel.Rd:18: Lost braces; missing escapes or markup? 18 | xi = 420.96874636, forall i E {1...N}, f(x) = 0. The range of xi is [-500,500] | ^ checkRd: (-1) f0.schwefel4.Rd:24: Lost braces; missing escapes or markup? 24 | xi = 420.96874636, forall i E {1...N}, f(x) = 0. The range of xi is [-500,500] | ^ checkRd: (-1) f1.ackley.Rd:18: Lost braces; missing escapes or markup? 18 | xi = 0, forall i E {1...N}, f(x) = 0. | ^ checkRd: (-1) f1.bohachevsky.Rd:18: Lost braces; missing escapes or markup? 18 | xi = 0, forall i E {1...N}, f(x) = 0. | ^ checkRd: (-1) f1.cigar.Rd:18: Lost braces; missing escapes or markup? 18 | xi = 0, forall i E {1...N}, f(x) = 0. | ^ checkRd: (-1) f1.griewank.Rd:18: Lost braces; missing escapes or markup? 18 | xi = 0, forall i E {1...N}, f(x) = 0. | ^ checkRd: (-1) f1.rosenbrockn.Rd:18: Lost braces; missing escapes or markup? 18 | xi = 1, forall i E {1...N}, f(x) = 0. | ^ checkRd: (-1) f1.schaffer.Rd:18: Lost braces; missing escapes or markup? 18 | xi = 0, forall i E {1...N}, f(x) = 0. | ^ checkRd: (-1) f1.schwefel.Rd:18: Lost braces; missing escapes or markup? 18 | xi = 420.96874636, forall i E {1...N}, f(x) = 0. The range of xi is [-500,500] | ^ Flavors: r-devel-linux-x86_64-debian-clang, r-devel-linux-x86_64-debian-gcc

Version: 0.5.0
Check: LazyData
Result: NOTE 'LazyData' is specified without a 'data' directory Flavors: r-devel-linux-x86_64-debian-clang, r-devel-linux-x86_64-debian-gcc, r-devel-linux-x86_64-fedora-clang, r-devel-linux-x86_64-fedora-gcc, r-devel-windows-x86_64, r-patched-linux-x86_64, r-release-linux-x86_64, r-release-macos-arm64, r-release-macos-x86_64, r-release-windows-x86_64, r-oldrel-macos-arm64, r-oldrel-windows-x86_64