Last updated on 2025-05-04 12:48:40 CEST.
Flavor | Version | Tinstall | Tcheck | Ttotal | Status | Flags |
---|---|---|---|---|---|---|
r-devel-linux-x86_64-debian-clang | 2.12 | 27.96 | 171.04 | 199.00 | NOTE | |
r-devel-linux-x86_64-debian-gcc | 2.12 | 18.00 | 108.41 | 126.41 | NOTE | |
r-devel-linux-x86_64-fedora-clang | 2.12 | 315.59 | NOTE | |||
r-devel-linux-x86_64-fedora-gcc | 2.12 | 306.13 | NOTE | |||
r-devel-windows-x86_64 | 2.12 | 26.00 | 191.00 | 217.00 | NOTE | |
r-patched-linux-x86_64 | 2.12 | 33.89 | 163.09 | 196.98 | NOTE | |
r-release-linux-x86_64 | 2.12 | 28.31 | 160.96 | 189.27 | NOTE | |
r-release-macos-arm64 | 2.12 | 73.00 | NOTE | |||
r-release-macos-x86_64 | 2.12 | 136.00 | NOTE | |||
r-release-windows-x86_64 | 2.12 | 27.00 | 172.00 | 199.00 | NOTE | |
r-oldrel-macos-arm64 | 2.12 | 74.00 | NOTE | |||
r-oldrel-macos-x86_64 | 2.12 | 101.00 | NOTE | |||
r-oldrel-windows-x86_64 | 2.12 | 33.00 | 212.00 | 245.00 | NOTE |
Version: 2.12
Check: CRAN incoming feasibility
Result: NOTE
Maintainer: ‘Carl Scarrott <carl.scarrott@canterbury.ac.nz>’
No Authors@R field in DESCRIPTION.
Please add one, modifying
Authors@R: c(person(given = "Carl",
family = "Scarrott",
role = c("aut", "cre"),
email = "carl.scarrott@canterbury.ac.nz"),
person(given = "Yang",
family = "Hu",
role = "aut"),
person(given = "Alfadino",
family = "Akbar",
role = "aut"),
person(given = c("University", "of"),
family = "Canterbury",
role = "aut"))
as necessary.
Flavors: r-devel-linux-x86_64-debian-clang, r-devel-linux-x86_64-debian-gcc
Version: 2.12
Check: Rd files
Result: NOTE
checkRd: (-1) fmgammagpd.Rd:183: Lost braces; missing escapes or markup?
183 | \item {nlumgammagpd} and {proflumgammagpd} - \code{c(mgshape, mgscale, mgweight[1:(M-1)], sigmau, xi)}
| ^
checkRd: (-1) fmgammagpdcon.Rd:181: Lost braces; missing escapes or markup?
181 | \item {nlumgammagpdcon} and {proflumgammagpdcon} - \code{c(mgshape, mgscale, mgweight[1:(M-1)], xi)}
| ^
checkRd: (-1) kernels.Rd:87: Lost braces
87 | code{\link[evmix:kernels]{kd*}} and \code{\link[evmix:kernels]{kp*}} give the
| ^
Flavors: r-devel-linux-x86_64-debian-clang, r-devel-linux-x86_64-debian-gcc, r-devel-linux-x86_64-fedora-clang, r-devel-linux-x86_64-fedora-gcc, r-devel-windows-x86_64, r-patched-linux-x86_64, r-release-linux-x86_64, r-release-macos-arm64, r-release-macos-x86_64, r-release-windows-x86_64, r-oldrel-macos-arm64, r-oldrel-macos-x86_64, r-oldrel-windows-x86_64
Version: 2.12
Check: installed package size
Result: NOTE
installed size is 5.9Mb
sub-directories of 1Mb or more:
R 2.0Mb
doc 2.9Mb
Flavors: r-oldrel-macos-arm64, r-oldrel-macos-x86_64