Last updated on 2024-04-17 10:41:35 CEST.
Flavor | Version | Tinstall | Tcheck | Ttotal | Status | Flags |
---|---|---|---|---|---|---|
r-devel-linux-x86_64-debian-clang | 2.12 | 37.52 | 230.90 | 268.42 | NOTE | |
r-devel-linux-x86_64-debian-gcc | 2.12 | 25.16 | 156.87 | 182.03 | NOTE | |
r-devel-linux-x86_64-fedora-clang | 2.12 | 315.52 | NOTE | |||
r-devel-linux-x86_64-fedora-gcc | 2.12 | 297.10 | NOTE | |||
r-prerel-macos-arm64 | 2.12 | 60.00 | NOTE | |||
r-prerel-windows-x86_64 | 2.12 | 29.00 | 162.00 | 191.00 | NOTE | |
r-patched-linux-x86_64 | 2.12 | 37.57 | 207.90 | 245.47 | NOTE | |
r-release-linux-x86_64 | 2.12 | 30.76 | 220.67 | 251.43 | OK | |
r-release-macos-arm64 | 2.12 | 63.00 | NOTE | |||
r-release-macos-x86_64 | 2.12 | 83.00 | NOTE | |||
r-release-windows-x86_64 | 2.12 | 28.00 | 249.00 | 277.00 | OK | |
r-oldrel-macos-arm64 | 2.12 | 61.00 | NOTE | |||
r-oldrel-windows-x86_64 | 2.12 | 39.00 | 166.00 | 205.00 | OK |
Version: 2.12
Check: Rd files
Result: NOTE
checkRd: (-1) fmgammagpd.Rd:183: Lost braces; missing escapes or markup?
183 | \item {nlumgammagpd} and {proflumgammagpd} - \code{c(mgshape, mgscale, mgweight[1:(M-1)], sigmau, xi)}
| ^
checkRd: (-1) fmgammagpdcon.Rd:181: Lost braces; missing escapes or markup?
181 | \item {nlumgammagpdcon} and {proflumgammagpdcon} - \code{c(mgshape, mgscale, mgweight[1:(M-1)], xi)}
| ^
checkRd: (-1) kernels.Rd:87: Lost braces
87 | code{\link[evmix:kernels]{kd*}} and \code{\link[evmix:kernels]{kp*}} give the
| ^
Flavors: r-devel-linux-x86_64-debian-clang, r-devel-linux-x86_64-debian-gcc, r-devel-linux-x86_64-fedora-clang, r-devel-linux-x86_64-fedora-gcc, r-prerel-macos-arm64, r-prerel-windows-x86_64, r-patched-linux-x86_64
Version: 2.12
Check: Rd cross-references
Result: NOTE
Undeclared packages ‘ks’, ‘evd’, ‘ismev’, ‘mixtools’, ‘evir’, ‘smoothtail’ in Rd xrefs
Flavor: r-devel-linux-x86_64-fedora-clang
Version: 2.12
Check: installed package size
Result: NOTE
installed size is 5.9Mb
sub-directories of 1Mb or more:
R 2.0Mb
doc 2.9Mb
Flavors: r-prerel-macos-arm64, r-release-macos-arm64, r-release-macos-x86_64, r-oldrel-macos-arm64