Last updated on 2022-07-07 12:55:23 CEST.
Flavor | Version | Tinstall | Tcheck | Ttotal | Status | Flags |
---|---|---|---|---|---|---|
r-devel-linux-x86_64-debian-clang | 0.8.10 | 16.60 | 229.01 | 245.61 | NOTE | |
r-devel-linux-x86_64-debian-gcc | 0.8.10 | 13.20 | 167.87 | 181.07 | NOTE | |
r-devel-linux-x86_64-fedora-clang | 0.8.10 | 306.97 | WARN | |||
r-devel-linux-x86_64-fedora-gcc | 0.8.10 | 311.55 | WARN | |||
r-devel-windows-x86_64 | 0.8.10 | 44.00 | 261.00 | 305.00 | NOTE | |
r-patched-linux-x86_64 | 0.8.10 | 16.77 | 212.95 | 229.72 | OK | |
r-release-linux-x86_64 | 0.8.10 | 16.41 | 213.89 | 230.30 | OK | |
r-release-macos-arm64 | 0.8.10 | 80.00 | OK | |||
r-release-macos-x86_64 | 0.8.10 | 132.00 | OK | |||
r-release-windows-x86_64 | 0.8.10 | 50.00 | 258.00 | 308.00 | OK | |
r-oldrel-macos-arm64 | 0.8.10 | 90.00 | OK | |||
r-oldrel-macos-x86_64 | 0.8.10 | 153.00 | OK | |||
r-oldrel-windows-ix86+x86_64 | 0.8.10 | 35.00 | 248.00 | 283.00 | OK |
Version: 0.8.10
Check: Rd files
Result: NOTE
checkRd: (-1) Snoring.Rd:21: Escaped LaTeX specials: \&
Flavors: r-devel-linux-x86_64-debian-clang, r-devel-linux-x86_64-debian-gcc, r-devel-linux-x86_64-fedora-clang, r-devel-linux-x86_64-fedora-gcc, r-devel-windows-x86_64
Version: 0.8.10
Check: package dependencies
Result: WARN
Requires (indirectly) orphaned package: ‘gtools’
Flavors: r-devel-linux-x86_64-fedora-clang, r-devel-linux-x86_64-fedora-gcc