Last updated on 2025-10-21 11:53:23 CEST.
Flavor | Version | Tinstall | Tcheck | Ttotal | Status | Flags |
---|---|---|---|---|---|---|
r-devel-linux-x86_64-debian-clang | 1.0.0 | 16.38 | 361.33 | 377.71 | NOTE | |
r-devel-linux-x86_64-debian-gcc | 1.0.0 | 11.45 | 264.69 | 276.14 | NOTE | |
r-devel-linux-x86_64-fedora-clang | 1.0.0 | 564.97 | NOTE | |||
r-devel-linux-x86_64-fedora-gcc | 1.0.0 | 32.00 | 556.91 | 588.91 | NOTE | |
r-devel-windows-x86_64 | 1.0.0 | 18.00 | 272.00 | 290.00 | OK | |
r-patched-linux-x86_64 | 1.0.0 | 16.63 | 355.98 | 372.61 | OK | |
r-release-linux-x86_64 | 1.0.0 | 13.25 | 354.08 | 367.33 | OK | |
r-release-macos-arm64 | 1.0.0 | 182.00 | OK | |||
r-release-macos-x86_64 | 1.0.0 | 13.00 | 375.00 | 388.00 | OK | |
r-release-windows-x86_64 | 1.0.0 | 17.00 | 272.00 | 289.00 | OK | |
r-oldrel-macos-arm64 | 1.0.0 | 155.00 | OK | |||
r-oldrel-macos-x86_64 | 1.0.0 | 236.00 | OK | |||
r-oldrel-windows-x86_64 | 1.0.0 | 24.00 | 351.00 | 375.00 | OK |
Version: 1.0.0
Check: CRAN incoming feasibility
Result: NOTE
Maintainer: ‘Michael Lingzhi Li <mili@hbs.edu>’
The Description field contains
<arXiv:1905.05389>.
Please refer to arXiv e-prints via their arXiv DOI <doi:10.48550/arXiv.YYMM.NNNNN>.
Flavors: r-devel-linux-x86_64-debian-clang, r-devel-linux-x86_64-debian-gcc
Version: 1.0.0
Check: HTML version of manual
Result: NOTE
Found the following HTML validation problems:
compute_qoi.html:50:1 (compute_qoi.Rd:12): Warning: missing </ul> before </div>
compute_qoi_user.html:70:1 (compute_qoi_user.Rd:22): Warning: missing </ul> before </div>
create_ml_args.html:46:1 (create_ml_args.Rd:10): Warning: missing </ul> before </div>
create_ml_args_bart.html:46:1 (create_ml_args_bart.Rd:10): Warning: missing </ul> before </div>
create_ml_args_bartc.html:46:1 (create_ml_args_bartc.Rd:10): Warning: missing </ul> before </div>
create_ml_args_causalforest.html:46:1 (create_ml_args_causalforest.Rd:10): Warning: missing </ul> before </div>
create_ml_args_lasso.html:46:1 (create_ml_args_lasso.Rd:10): Warning: missing </ul> before </div>
create_ml_args_superLearner.html:46:1 (create_ml_args_superLearner.Rd:10): Warning: missing </ul> before </div>
create_ml_args_svm.html:46:1 (create_ml_args_svm.Rd:10): Warning: missing </ul> before </div>
create_ml_args_svm_cls.html:46:1 (create_ml_args_svm_cls.Rd:10): Warning: missing </ul> before </div>
create_ml_arguments.html:54:1 (create_ml_arguments.Rd:14): Warning: missing </ul> before </div>
print.summary.itr.html:51:1 (print.summary.itr.Rd:12): Warning: missing </ul> before </div>
print.summary.test_itr.html:51:1 (print.summary.test_itr.Rd:12): Warning: missing </ul> before </div>
summary.itr.html:51:1 (summary.itr.Rd:12): Warning: missing </ul> before </div>
summary.test_itr.html:51:1 (summary.test_itr.Rd:12): Warning: missing </ul> before </div>
Flavors: r-devel-linux-x86_64-debian-clang, r-devel-linux-x86_64-debian-gcc
Version: 1.0.0
Check: dependencies in R code
Result: NOTE
Namespaces in Imports field not imported from:
‘forcats’ ‘rqPen’ ‘utils’
All declared Imports should be used.
Flavors: r-devel-linux-x86_64-fedora-clang, r-devel-linux-x86_64-fedora-gcc