Last updated on 2023-09-30 11:51:39 CEST.
Flavor | Version | Tinstall | Tcheck | Ttotal | Status | Flags |
---|---|---|---|---|---|---|
r-devel-linux-x86_64-debian-clang | 1.0.0 | 16.91 | 414.23 | 431.14 | OK | |
r-devel-linux-x86_64-debian-gcc | 1.0.0 | 13.64 | 328.22 | 341.86 | OK | |
r-devel-linux-x86_64-fedora-clang | 1.0.0 | 509.80 | NOTE | |||
r-devel-linux-x86_64-fedora-gcc | 1.0.0 | 567.53 | NOTE | |||
r-devel-windows-x86_64 | 1.0.0 | 16.00 | 262.00 | 278.00 | OK | |
r-patched-linux-x86_64 | 1.0.0 | 10.85 | 391.23 | 402.08 | OK | |
r-release-linux-x86_64 | 1.0.0 | 11.36 | 414.03 | 425.39 | OK | |
r-release-macos-arm64 | 1.0.0 | 172.00 | OK | |||
r-release-macos-x86_64 | 1.0.0 | 351.00 | OK | |||
r-release-windows-x86_64 | 1.0.0 | 22.00 | 327.00 | 349.00 | OK | |
r-oldrel-macos-arm64 | 1.0.0 | 149.00 | OK | |||
r-oldrel-macos-x86_64 | 1.0.0 | 188.00 | OK | |||
r-oldrel-windows-x86_64 | 1.0.0 | 22.00 | 330.00 | 352.00 | OK |
Version: 1.0.0
Check: dependencies in R code
Result: NOTE
Namespaces in Imports field not imported from:
‘forcats’ ‘rqPen’ ‘utils’
All declared Imports should be used.
Flavors: r-devel-linux-x86_64-fedora-clang, r-devel-linux-x86_64-fedora-gcc