Last updated on 2025-07-02 11:51:17 CEST.
Flavor | Version | Tinstall | Tcheck | Ttotal | Status | Flags |
---|---|---|---|---|---|---|
r-devel-linux-x86_64-debian-clang | 1.2 | 2.32 | 32.15 | 34.47 | NOTE | |
r-devel-linux-x86_64-debian-gcc | 1.2 | 1.94 | 24.65 | 26.59 | NOTE | |
r-devel-linux-x86_64-fedora-clang | 1.2 | 51.13 | OK | |||
r-devel-linux-x86_64-fedora-gcc | 1.2 | 51.09 | OK | |||
r-devel-windows-x86_64 | 1.2 | 4.00 | 56.00 | 60.00 | OK | |
r-patched-linux-x86_64 | OK | |||||
r-release-linux-x86_64 | 1.2 | 2.26 | 30.23 | 32.49 | OK | |
r-release-macos-arm64 | 1.2 | 21.00 | OK | |||
r-release-macos-x86_64 | 1.2 | 41.00 | OK | |||
r-release-windows-x86_64 | 1.2 | 4.00 | 61.00 | 65.00 | OK | |
r-oldrel-macos-arm64 | 1.2 | 21.00 | OK | |||
r-oldrel-macos-x86_64 | 1.2 | 33.00 | OK | |||
r-oldrel-windows-x86_64 | 1.2 | 4.00 | 67.00 | 71.00 | OK |
Version: 1.2
Check: CRAN incoming feasibility
Result: NOTE
Maintainer: ‘Rodrigo R Remédio <rremedio@hotmail.com>’
Found the following URLs which should use \doi (with the DOI name only):
File ‘wooldridge.Rd’:
https://doi.org/10.1016/j.econlet.2009.04.026
Flavors: r-devel-linux-x86_64-debian-clang, r-devel-linux-x86_64-debian-gcc