Last updated on 2025-04-29 12:52:35 CEST.
Flavor | Version | Tinstall | Tcheck | Ttotal | Status | Flags |
---|---|---|---|---|---|---|
r-devel-linux-x86_64-debian-clang | 0.1.0 | 2.36 | 19.00 | 21.36 | NOTE | |
r-devel-linux-x86_64-debian-gcc | 0.1.0 | 2.01 | 16.25 | 18.26 | NOTE | |
r-devel-linux-x86_64-fedora-clang | 0.1.0 | 33.53 | NOTE | |||
r-devel-linux-x86_64-fedora-gcc | 0.1.0 | 32.27 | NOTE | |||
r-devel-windows-x86_64 | 0.1.0 | 5.00 | 49.00 | 54.00 | NOTE | |
r-patched-linux-x86_64 | 0.1.0 | 2.75 | 18.68 | 21.43 | NOTE | |
r-release-linux-x86_64 | 0.1.0 | 2.47 | 18.33 | 20.80 | NOTE | |
r-release-macos-arm64 | 0.1.0 | 17.00 | NOTE | |||
r-release-macos-x86_64 | 0.1.0 | 29.00 | NOTE | |||
r-release-windows-x86_64 | 0.1.0 | 5.00 | 57.00 | 62.00 | NOTE | |
r-oldrel-macos-arm64 | 0.1.0 | 16.00 | NOTE | |||
r-oldrel-macos-x86_64 | 0.1.0 | 24.00 | NOTE | |||
r-oldrel-windows-x86_64 | 0.1.0 | 5.00 | 48.00 | 53.00 | NOTE |
Version: 0.1.0
Check: CRAN incoming feasibility
Result: NOTE
Maintainer: ‘Andrew Simmons <akwsimmo@gmail.com>’
No Authors@R field in DESCRIPTION.
Please add one, modifying
Authors@R: person(given = "Andrew",
family = "Simmons",
role = c("aut", "cre"),
email = "akwsimmo@gmail.com")
as necessary.
Flavors: r-devel-linux-x86_64-debian-clang, r-devel-linux-x86_64-debian-gcc
Version: 0.1.0
Check: compiled code
Result: NOTE
File ‘essentials/libs/essentials.so’:
Found non-API calls to R: ‘IS_S4_OBJECT’, ‘OBJECT’, ‘UNSET_S4_OBJECT’
Compiled code should not call non-API entry points in R.
See ‘Writing portable packages’ in the ‘Writing R Extensions’ manual,
and section ‘Moving into C API compliance’ for issues with the use of
non-API entry points.
Flavors: r-devel-linux-x86_64-debian-clang, r-devel-linux-x86_64-debian-gcc, r-devel-linux-x86_64-fedora-clang, r-devel-linux-x86_64-fedora-gcc, r-patched-linux-x86_64, r-release-linux-x86_64, r-release-macos-arm64, r-release-macos-x86_64
Version: 0.1.0
Check: compiled code
Result: NOTE
File 'essentials/libs/x64/essentials.dll':
Found non-API calls to R: 'IS_S4_OBJECT', 'OBJECT', 'UNSET_S4_OBJECT'
Compiled code should not call non-API entry points in R.
See 'Writing portable packages' in the 'Writing R Extensions' manual,
and section 'Moving into C API compliance' for issues with the use of
non-API entry points.
Flavors: r-devel-windows-x86_64, r-release-windows-x86_64
Version: 0.1.0
Check: LazyData
Result: NOTE
'LazyData' is specified without a 'data' directory
Flavors: r-oldrel-macos-arm64, r-oldrel-macos-x86_64, r-oldrel-windows-x86_64