CRAN Package Check Results for Package esmisc

Last updated on 2022-06-24 11:52:07 CEST.

Flavor Version Tinstall Tcheck Ttotal Status Flags
r-devel-linux-x86_64-debian-clang 0.0.3 28.79 288.08 316.87 NOTE
r-devel-linux-x86_64-debian-gcc 0.0.3 24.12 209.74 233.86 NOTE
r-devel-linux-x86_64-fedora-clang 0.0.3 367.30 NOTE
r-devel-linux-x86_64-fedora-gcc 0.0.3 377.65 NOTE
r-devel-windows-x86_64 0.0.3 28.00 272.00 300.00 NOTE
r-patched-linux-x86_64 0.0.3 28.73 271.89 300.62 NOTE
r-release-linux-x86_64 0.0.3 28.73 278.10 306.83 NOTE
r-release-macos-arm64 0.0.3 78.00 NOTE
r-release-macos-x86_64 0.0.3 161.00 NOTE
r-release-windows-x86_64 0.0.3 30.00 274.00 304.00 NOTE
r-oldrel-macos-arm64 0.0.3 51.00 NOTE
r-oldrel-macos-x86_64 0.0.3 68.00 NOTE
r-oldrel-windows-ix86+x86_64 0.0.3 66.00 270.00 336.00 NOTE

Check Details

Version: 0.0.3
Check: LazyData
Result: NOTE
     'LazyData' is specified without a 'data' directory
Flavors: r-devel-linux-x86_64-debian-clang, r-devel-linux-x86_64-debian-gcc, r-devel-linux-x86_64-fedora-clang, r-devel-linux-x86_64-fedora-gcc, r-devel-windows-x86_64, r-patched-linux-x86_64, r-release-linux-x86_64, r-release-macos-arm64, r-release-macos-x86_64, r-release-windows-x86_64, r-oldrel-macos-arm64, r-oldrel-macos-x86_64, r-oldrel-windows-ix86+x86_64