CRAN Package Check Results for Package esaBcv

Last updated on 2024-02-24 11:49:25 CET.

Flavor Version Tinstall Tcheck Ttotal Status Flags
r-devel-linux-x86_64-debian-clang 1.2.1.1 2.65 29.12 31.77 NOTE
r-devel-linux-x86_64-debian-gcc 1.2.1.1 2.36 22.87 25.23 NOTE
r-devel-linux-x86_64-fedora-clang 1.2.1.1 39.20 NOTE
r-devel-linux-x86_64-fedora-gcc 1.2.1.1 39.58 NOTE
r-devel-windows-x86_64 1.2.1.1 3.00 45.00 48.00 NOTE
r-patched-linux-x86_64 1.2.1.1 3.34 28.55 31.89 OK
r-release-linux-x86_64 1.2.1.1 3.21 29.01 32.22 OK
r-release-macos-arm64 1.2.1.1 22.00 OK
r-release-macos-x86_64 1.2.1.1 24.00 OK
r-release-windows-x86_64 1.2.1.1 3.00 44.00 47.00 OK
r-oldrel-macos-arm64 1.2.1.1 26.00 OK
r-oldrel-windows-x86_64 1.2.1.1 4.00 50.00 54.00 OK

Check Details

Version: 1.2.1.1
Check: Rd metadata
Result: NOTE Invalid package aliases in Rd file 'esaBcv_package.Rd': ‘esaBcv_package-package’ Flavors: r-devel-linux-x86_64-debian-clang, r-devel-linux-x86_64-debian-gcc, r-devel-linux-x86_64-fedora-clang, r-devel-linux-x86_64-fedora-gcc, r-devel-windows-x86_64