CRAN Package Check Results for Package esaBcv

Last updated on 2022-06-27 11:50:42 CEST.

Flavor Version Tinstall Tcheck Ttotal Status Flags
r-devel-linux-x86_64-debian-clang 1.2.1 3.27 29.24 32.51 NOTE
r-devel-linux-x86_64-debian-gcc 1.2.1 2.42 22.58 25.00 NOTE
r-devel-linux-x86_64-fedora-clang 1.2.1 49.48 NOTE
r-devel-linux-x86_64-fedora-gcc 1.2.1 48.63 NOTE
r-devel-windows-x86_64 1.2.1 9.00 53.00 62.00 NOTE
r-patched-linux-x86_64 1.2.1 3.36 28.29 31.65 NOTE
r-release-linux-x86_64 1.2.1 3.06 27.93 30.99 NOTE
r-release-macos-arm64 1.2.1 20.00 NOTE
r-release-macos-x86_64 1.2.1 26.00 NOTE
r-release-windows-x86_64 1.2.1 11.00 54.00 65.00 NOTE
r-oldrel-macos-arm64 1.2.1 25.00 NOTE
r-oldrel-macos-x86_64 1.2.1 32.00 NOTE
r-oldrel-windows-ix86+x86_64 1.2.1 7.00 46.00 53.00 NOTE

Check Details

Version: 1.2.1
Check: R code for possible problems
Result: NOTE
    ESA: no visible binding for global variable 'var'
    plot.esabcv: no visible global function definition for 'points'
    plot.esabcv: no visible global function definition for 'axis'
    plot.esabcv: no visible global function definition for 'title'
    Undefined global functions or variables:
     axis points title var
    Consider adding
     importFrom("graphics", "axis", "points", "title")
     importFrom("stats", "var")
    to your NAMESPACE file.
Flavors: r-devel-linux-x86_64-debian-clang, r-devel-linux-x86_64-debian-gcc, r-devel-linux-x86_64-fedora-clang, r-devel-linux-x86_64-fedora-gcc, r-devel-windows-x86_64, r-patched-linux-x86_64, r-release-linux-x86_64, r-release-macos-arm64, r-release-macos-x86_64, r-release-windows-x86_64, r-oldrel-macos-arm64, r-oldrel-macos-x86_64, r-oldrel-windows-ix86+x86_64