CRAN Package Check Results for Package errorlocate

Last updated on 2022-06-25 10:53:02 CEST.

Flavor Version Tinstall Tcheck Ttotal Status Flags
r-devel-linux-x86_64-debian-clang 1.0.0 6.22 66.95 73.17 OK
r-devel-linux-x86_64-debian-gcc 1.0.0 5.31 50.45 55.76 OK
r-devel-linux-x86_64-fedora-clang 1.0.0 102.45 NOTE
r-devel-linux-x86_64-fedora-gcc 1.0.0 97.76 NOTE
r-devel-windows-x86_64 1.0.0 74.00 99.00 173.00 OK
r-patched-linux-x86_64 1.0.0 9.48 63.87 73.35 OK
r-release-linux-x86_64 1.0.0 7.84 63.56 71.40 OK
r-release-macos-arm64 1.0.0 29.00 NOTE
r-release-macos-x86_64 1.0.0 42.00 NOTE
r-release-windows-x86_64 1.0.0 78.00 103.00 181.00 OK
r-oldrel-macos-arm64 1.0.0 33.00 NOTE
r-oldrel-macos-x86_64 1.0.0 43.00 NOTE
r-oldrel-windows-ix86+x86_64 1.0.0 20.00 83.00 103.00 OK

Check Details

Version: 1.0.0
Check: dependencies in R code
Result: NOTE
    Namespace in Imports field not imported from: ‘parallel’
     All declared Imports should be used.
Flavors: r-devel-linux-x86_64-fedora-clang, r-devel-linux-x86_64-fedora-gcc, r-release-macos-arm64, r-release-macos-x86_64, r-oldrel-macos-arm64, r-oldrel-macos-x86_64