Last updated on 2023-12-09 11:49:22 CET.
Flavor | Version | Tinstall | Tcheck | Ttotal | Status | Flags |
---|---|---|---|---|---|---|
r-devel-linux-x86_64-debian-clang | 4.1.0 | 14.86 | 380.13 | 394.99 | NOTE | |
r-devel-linux-x86_64-debian-gcc | 4.1.0 | 10.43 | 296.75 | 307.18 | NOTE | |
r-devel-linux-x86_64-fedora-clang | 4.1.0 | 541.94 | OK | |||
r-devel-linux-x86_64-fedora-gcc | 4.1.0 | 494.69 | OK | |||
r-devel-windows-x86_64 | 4.1.0 | 15.00 | 302.00 | 317.00 | OK | |
r-patched-linux-x86_64 | 4.1.0 | 21.18 | 539.94 | 561.12 | OK | |
r-release-linux-x86_64 | 4.1.0 | 10.80 | 380.32 | 391.12 | OK | |
r-release-macos-arm64 | 4.1.0 | 239.00 | OK | |||
r-release-macos-x86_64 | 4.1.0 | 314.00 | OK | |||
r-release-windows-x86_64 | 4.1.0 | 18.00 | 421.00 | 439.00 | OK | |
r-oldrel-macos-arm64 | 4.1.0 | 195.00 | OK | |||
r-oldrel-macos-x86_64 | 4.1.0 | 356.00 | OK | |||
r-oldrel-windows-x86_64 | 4.1.0 | 19.00 | 596.00 | 615.00 | OK |
Version: 4.1.0
Check: Rd files
Result: NOTE
checkRd: (-1) ergm.rank-package.Rd:42: Lost braces
42 | 1100-1128. c("\\Sexpr[results=rd,stage=build]{tools:::Rd_expr_doi(\"#1\")}",
| ^
Flavors: r-devel-linux-x86_64-debian-clang, r-devel-linux-x86_64-debian-gcc