Last updated on 2024-04-17 10:41:35 CEST.
Flavor | Version | Tinstall | Tcheck | Ttotal | Status | Flags |
---|---|---|---|---|---|---|
r-devel-linux-x86_64-debian-clang | 3.1 | 11.82 | 97.16 | 108.98 | NOTE | |
r-devel-linux-x86_64-debian-gcc | 3.1 | 9.94 | 72.65 | 82.59 | NOTE | |
r-devel-linux-x86_64-fedora-clang | 3.1 | 135.88 | NOTE | |||
r-devel-linux-x86_64-fedora-gcc | 3.1 | 128.64 | NOTE | |||
r-prerel-macos-arm64 | 3.1 | 38.00 | NOTE | |||
r-prerel-windows-x86_64 | 3.1 | 12.00 | 93.00 | 105.00 | NOTE | |
r-patched-linux-x86_64 | 3.1 | 18.46 | 92.20 | 110.66 | NOTE | |
r-release-linux-x86_64 | 3.1 | 8.12 | 93.27 | 101.39 | OK | |
r-release-macos-arm64 | 3.1 | 44.00 | OK | |||
r-release-macos-x86_64 | 3.1 | 69.00 | OK | |||
r-release-windows-x86_64 | 3.1 | 16.00 | 113.00 | 129.00 | OK | |
r-oldrel-macos-arm64 | 3.1 | 40.00 | OK | |||
r-oldrel-windows-x86_64 | 3.1 | 16.00 | 111.00 | 127.00 | OK |
Version: 3.1
Check: Rd files
Result: NOTE
checkRd: (-1) evReturn.Rd:34: Lost braces
34 | \item{daEst }{ data used to estimate the market model for the last firm as specified in code{firm}.}
| ^
checkRd: (-1) evRisk.Rd:19: Lost braces
19 | \item{daEst }{ data used to estimate CAPM for the last firm as specified in code{firm}.}
| ^
Flavors: r-devel-linux-x86_64-debian-clang, r-devel-linux-x86_64-debian-gcc, r-devel-linux-x86_64-fedora-clang, r-devel-linux-x86_64-fedora-gcc, r-prerel-macos-arm64, r-prerel-windows-x86_64, r-patched-linux-x86_64