CRAN Package Check Results for Package equivUMP

Last updated on 2025-02-21 10:51:37 CET.

Flavor Version Tinstall Tcheck Ttotal Status Flags
r-devel-linux-x86_64-debian-clang 0.1.1 1.62 17.86 19.48 OK
r-devel-linux-x86_64-debian-gcc 0.1.1 1.33 14.62 15.95 OK
r-devel-linux-x86_64-fedora-clang 0.1.1 30.79 OK
r-devel-linux-x86_64-fedora-gcc 0.1.1 29.40 OK
r-devel-macos-arm64 0.1.1 12.00 OK
r-devel-macos-x86_64 0.1.1 23.00 OK
r-devel-windows-x86_64 0.1.1 3.00 41.00 44.00 OK
r-patched-linux-x86_64 0.1.1 1.76 17.24 19.00 NOTE
r-release-linux-x86_64 0.1.1 1.56 17.34 18.90 NOTE
r-release-macos-arm64 0.1.1 15.00 NOTE
r-release-macos-x86_64 0.1.1 20.00 NOTE
r-release-windows-x86_64 0.1.1 4.00 42.00 46.00 NOTE
r-oldrel-macos-arm64 0.1.1 16.00 NOTE
r-oldrel-macos-x86_64 0.1.1 19.00 NOTE
r-oldrel-windows-x86_64 0.1.1 3.00 39.00 42.00 NOTE

Check Details

Version: 0.1.1
Check: LazyData
Result: NOTE 'LazyData' is specified without a 'data' directory Flavors: r-patched-linux-x86_64, r-release-linux-x86_64, r-release-macos-arm64, r-release-macos-x86_64, r-release-windows-x86_64, r-oldrel-macos-arm64, r-oldrel-macos-x86_64, r-oldrel-windows-x86_64