Last updated on 2024-08-16 12:49:07 CEST.
Flavor | Version | Tinstall | Tcheck | Ttotal | Status | Flags |
---|---|---|---|---|---|---|
r-devel-linux-x86_64-debian-clang | 0.1.2 | 83.98 | 134.05 | 218.03 | NOTE | |
r-devel-linux-x86_64-debian-gcc | 0.1.2 | 27.67 | 99.85 | 127.52 | NOTE | |
r-devel-linux-x86_64-fedora-clang | 0.1.2 | 289.45 | OK | |||
r-devel-linux-x86_64-fedora-gcc | 0.1.2 | 303.63 | OK | |||
r-devel-windows-x86_64 | 0.1.2 | 40.00 | 169.00 | 209.00 | NOTE | |
r-patched-linux-x86_64 | 0.1.2 | 43.50 | 127.36 | 170.86 | OK | |
r-release-linux-x86_64 | 0.1.2 | 39.91 | 129.03 | 168.94 | OK | |
r-release-macos-arm64 | 0.1.2 | 83.00 | OK | |||
r-release-macos-x86_64 | 0.1.2 | 139.00 | OK | |||
r-release-windows-x86_64 | 0.1.2 | 39.00 | 167.00 | 206.00 | OK | |
r-oldrel-macos-arm64 | 0.1.2 | 87.00 | OK | |||
r-oldrel-macos-x86_64 | 0.1.2 | 226.00 | OK | |||
r-oldrel-windows-x86_64 | 0.1.2 | 51.00 | 204.00 | 255.00 | OK |
Version: 0.1.2
Check: Rd cross-references
Result: NOTE
Found the following Rd file(s) with Rd \link{} targets missing package
anchors:
multiec.Rd: modIRT
Please provide package anchors for all Rd \link{} targets not in the
package itself and the base packages.
Flavors: r-devel-linux-x86_64-debian-clang, r-devel-linux-x86_64-debian-gcc, r-devel-windows-x86_64