CRAN Package Check Results for Package equateMultiple

Last updated on 2022-06-29 11:52:08 CEST.

Flavor Version Tinstall Tcheck Ttotal Status Flags
r-devel-linux-x86_64-debian-clang 0.1.0 41.12 143.74 184.86 WARN
r-devel-linux-x86_64-debian-gcc 0.1.0 38.49 111.08 149.57 OK
r-devel-linux-x86_64-fedora-clang 0.1.0 251.74 WARN
r-devel-linux-x86_64-fedora-gcc 0.1.0 266.13 OK
r-devel-windows-x86_64 0.1.0 69.00 199.00 268.00 OK
r-patched-linux-x86_64 0.1.0 45.65 139.63 185.28 OK
r-release-linux-x86_64 0.1.0 43.67 140.02 183.69 OK
r-release-macos-arm64 0.1.0 66.00 OK
r-release-macos-x86_64 0.1.0 114.00 OK
r-release-windows-x86_64 0.1.0 57.00 194.00 251.00 OK
r-oldrel-macos-arm64 0.1.0 77.00 OK
r-oldrel-macos-x86_64 0.1.0 119.00 OK
r-oldrel-windows-ix86+x86_64 0.1.0 108.00 227.00 335.00 OK

Additional issues

clang14

Check Details

Version: 0.1.0
Check: whether package can be installed
Result: WARN
    Found the following significant warnings:
     EqMult.cpp:542:12: warning: use of bitwise '&' with boolean operands [-Wbitwise-instead-of-logical]
Flavors: r-devel-linux-x86_64-debian-clang, r-devel-linux-x86_64-fedora-clang