Last updated on 2022-06-24 11:52:07 CEST.
Flavor | Version | Tinstall | Tcheck | Ttotal | Status | Flags |
---|---|---|---|---|---|---|
r-devel-linux-x86_64-debian-clang | 0.2.0 | 3.40 | 33.96 | 37.36 | OK | |
r-devel-linux-x86_64-debian-gcc | 0.2.0 | 2.73 | 26.54 | 29.27 | OK | |
r-devel-linux-x86_64-fedora-clang | 0.2.0 | 57.99 | OK | |||
r-devel-linux-x86_64-fedora-gcc | 0.2.0 | 55.53 | OK | |||
r-devel-windows-x86_64 | 0.2.0 | 13.00 | 57.00 | 70.00 | OK | |
r-patched-linux-x86_64 | 0.2.0 | 3.42 | 32.98 | 36.40 | OK | |
r-release-linux-x86_64 | 0.2.0 | 3.49 | 33.20 | 36.69 | OK | |
r-release-macos-arm64 | 0.2.0 | 19.00 | OK | |||
r-release-macos-x86_64 | 0.2.0 | 7.00 | ERROR | |||
r-release-windows-x86_64 | 0.2.0 | 14.00 | 58.00 | 72.00 | OK | |
r-oldrel-macos-arm64 | 0.2.0 | 18.00 | OK | |||
r-oldrel-macos-x86_64 | 0.2.0 | 26.00 | OK | |||
r-oldrel-windows-ix86+x86_64 | 0.2.0 | 12.00 | 62.00 | 74.00 | OK |
Version: 0.2.0
Check: package dependencies
Result: ERROR
Package required but not available: ‘katex’
See section ‘The DESCRIPTION file’ in the ‘Writing R Extensions’
manual.
Flavor: r-release-macos-x86_64