CRAN Package Check Results for Package epoxy

Last updated on 2024-05-22 11:24:55 CEST.

Flavor Version Tinstall Tcheck Ttotal Status Flags
r-devel-linux-x86_64-debian-clang 1.0.0 6.91 78.14 85.05 OK
r-devel-linux-x86_64-debian-gcc 1.0.0 4.07 57.56 61.63 OK
r-devel-linux-x86_64-fedora-clang 1.0.0 109.25 NOTE
r-devel-linux-x86_64-fedora-gcc 1.0.0 112.38 NOTE
r-devel-windows-x86_64 1.0.0 6.00 86.00 92.00 OK
r-patched-linux-x86_64 1.0.0 6.74 70.63 77.37 OK
r-release-linux-x86_64 1.0.0 6.02 73.85 79.87 OK
r-release-macos-arm64 1.0.0 43.00 OK
r-release-windows-x86_64 1.0.0 6.00 91.00 97.00 OK
r-oldrel-macos-arm64 1.0.0 41.00 OK
r-oldrel-macos-x86_64 1.0.0 131.00 OK
r-oldrel-windows-x86_64 1.0.0 8.00 95.00 103.00 OK

Check Details

Version: 1.0.0
Check: data for non-ASCII characters
Result: NOTE Note: found 1 marked UTF-8 string Flavors: r-devel-linux-x86_64-fedora-clang, r-devel-linux-x86_64-fedora-gcc