Last updated on 2022-06-24 11:52:07 CEST.
Flavor | Version | Tinstall | Tcheck | Ttotal | Status | Flags |
---|---|---|---|---|---|---|
r-devel-linux-x86_64-debian-clang | 0.1.0 | 2.95 | 29.03 | 31.98 | NOTE | |
r-devel-linux-x86_64-debian-gcc | 0.1.0 | 2.09 | 22.64 | 24.73 | NOTE | |
r-devel-linux-x86_64-fedora-clang | 0.1.0 | 51.86 | NOTE | |||
r-devel-linux-x86_64-fedora-gcc | 0.1.0 | 47.30 | NOTE | |||
r-devel-windows-x86_64 | 0.1.0 | 13.00 | 53.00 | 66.00 | NOTE | |
r-patched-linux-x86_64 | 0.1.0 | 3.15 | 28.50 | 31.65 | NOTE | |
r-release-linux-x86_64 | 0.1.0 | 2.59 | 28.21 | 30.80 | NOTE | |
r-release-macos-arm64 | 0.1.0 | 15.00 | NOTE | |||
r-release-macos-x86_64 | 0.1.0 | 23.00 | NOTE | |||
r-release-windows-x86_64 | 0.1.0 | 13.00 | 53.00 | 66.00 | NOTE | |
r-oldrel-macos-arm64 | 0.1.0 | 18.00 | NOTE | |||
r-oldrel-macos-x86_64 | 0.1.0 | 27.00 | NOTE | |||
r-oldrel-windows-ix86+x86_64 | 0.1.0 | 7.00 | 41.00 | 48.00 | NOTE |
Version: 0.1.0
Check: LazyData
Result: NOTE
'LazyData' is specified without a 'data' directory
Flavors: r-devel-linux-x86_64-debian-clang, r-devel-linux-x86_64-debian-gcc, r-devel-linux-x86_64-fedora-clang, r-devel-linux-x86_64-fedora-gcc, r-devel-windows-x86_64, r-patched-linux-x86_64, r-release-linux-x86_64, r-release-macos-arm64, r-release-macos-x86_64, r-release-windows-x86_64, r-oldrel-macos-arm64, r-oldrel-macos-x86_64, r-oldrel-windows-ix86+x86_64