Last updated on 2023-01-27 11:49:26 CET.
Flavor | Version | Tinstall | Tcheck | Ttotal | Status | Flags |
---|---|---|---|---|---|---|
r-devel-linux-x86_64-debian-clang | 2.2.13 | 19.89 | 145.79 | 165.68 | NOTE | |
r-devel-linux-x86_64-debian-gcc | 2.2.13 | 16.19 | 105.30 | 121.49 | NOTE | |
r-devel-linux-x86_64-fedora-clang | 2.2.13 | 209.94 | NOTE | |||
r-devel-linux-x86_64-fedora-gcc | 2.2.13 | 211.88 | NOTE | |||
r-devel-windows-x86_64 | 2.2.13 | 88.00 | 185.00 | 273.00 | OK | |
r-patched-linux-x86_64 | 2.2.13 | 20.95 | 137.43 | 158.38 | NOTE | |
r-release-linux-x86_64 | 2.2.13 | 16.74 | 133.73 | 150.47 | NOTE | |
r-release-macos-arm64 | 2.2.13 | 86.00 | NOTE | |||
r-release-macos-x86_64 | 2.2.13 | 108.00 | NOTE | |||
r-release-windows-x86_64 | 2.2.13 | 101.00 | 191.00 | 292.00 | OK | |
r-oldrel-macos-arm64 | 2.2.13 | 86.00 | NOTE | |||
r-oldrel-macos-x86_64 | 2.2.13 | 112.00 | NOTE | |||
r-oldrel-windows-ix86+x86_64 | 2.2.13 | 46.00 | 184.00 | 230.00 | OK |
Version: 2.2.13
Check: package dependencies
Result: NOTE
Package suggested but not available for checking: ‘taskscheduleR’
Flavors: r-devel-linux-x86_64-debian-clang, r-devel-linux-x86_64-debian-gcc, r-devel-linux-x86_64-fedora-gcc, r-patched-linux-x86_64, r-release-linux-x86_64, r-release-macos-arm64, r-release-macos-x86_64, r-oldrel-macos-arm64, r-oldrel-macos-x86_64
Version: 2.2.13
Check: package dependencies
Result: NOTE
Package suggested but not available for checking: ‘taskscheduleR’
Imports includes 36 non-default packages.
Importing from so many packages makes the package vulnerable to any of
them becoming unavailable. Move as many as possible to Suggests and
use conditionally.
Flavor: r-devel-linux-x86_64-fedora-clang
Version: 2.2.13
Check: dependencies in R code
Result: NOTE
Namespaces in Imports field not imported from:
‘httpuv’ ‘knitr’ ‘plyr’ ‘rgdal’ ‘tidyverse’ ‘tokenizers’ ‘xml2’
All declared Imports should be used.
Flavors: r-devel-linux-x86_64-fedora-clang, r-devel-linux-x86_64-fedora-gcc, r-release-macos-arm64, r-release-macos-x86_64, r-oldrel-macos-arm64, r-oldrel-macos-x86_64