Last updated on 2024-04-17 10:41:35 CEST.
Flavor | Version | Tinstall | Tcheck | Ttotal | Status | Flags |
---|---|---|---|---|---|---|
r-devel-linux-x86_64-debian-clang | 2.2.16 | 18.32 | 139.67 | 157.99 | NOTE | |
r-devel-linux-x86_64-debian-gcc | 2.2.16 | 15.05 | 101.97 | 117.02 | NOTE | |
r-devel-linux-x86_64-fedora-clang | 2.2.16 | 207.31 | NOTE | |||
r-devel-linux-x86_64-fedora-gcc | 2.2.16 | 222.90 | NOTE | |||
r-prerel-macos-arm64 | 2.2.16 | 94.00 | NOTE | |||
r-prerel-windows-x86_64 | 2.2.16 | 18.00 | 126.00 | 144.00 | OK | |
r-patched-linux-x86_64 | 2.2.16 | 13.79 | 130.85 | 144.64 | NOTE | |
r-release-linux-x86_64 | 2.2.16 | 13.08 | 132.12 | 145.20 | NOTE | |
r-release-macos-arm64 | 2.2.16 | 97.00 | NOTE | |||
r-release-macos-x86_64 | 2.2.16 | 176.00 | NOTE | |||
r-release-windows-x86_64 | 2.2.16 | 24.00 | 151.00 | 175.00 | OK | |
r-oldrel-macos-arm64 | 2.2.16 | 90.00 | NOTE | |||
r-oldrel-windows-x86_64 | 2.2.16 | 26.00 | 151.00 | 177.00 | OK |
Version: 2.2.16
Check: package dependencies
Result: NOTE
Package suggested but not available for checking: ‘taskscheduleR’
Flavors: r-devel-linux-x86_64-debian-clang, r-devel-linux-x86_64-debian-gcc, r-devel-linux-x86_64-fedora-gcc, r-prerel-macos-arm64, r-patched-linux-x86_64, r-release-linux-x86_64, r-release-macos-arm64, r-release-macos-x86_64, r-oldrel-macos-arm64
Version: 2.2.16
Check: package dependencies
Result: NOTE
Package suggested but not available for checking: ‘taskscheduleR’
Imports includes 34 non-default packages.
Importing from so many packages makes the package vulnerable to any of
them becoming unavailable. Move as many as possible to Suggests and
use conditionally.
Flavor: r-devel-linux-x86_64-fedora-clang
Version: 2.2.16
Check: dependencies in R code
Result: NOTE
Namespaces in Imports field not imported from:
‘httpuv’ ‘knitr’ ‘plyr’ ‘tidyverse’ ‘xml2’
All declared Imports should be used.
Flavors: r-devel-linux-x86_64-fedora-clang, r-devel-linux-x86_64-fedora-gcc