Last updated on 2023-09-23 11:50:15 CEST.
Flavor | Version | Tinstall | Tcheck | Ttotal | Status | Flags |
---|---|---|---|---|---|---|
r-devel-linux-x86_64-debian-clang | 0.2.2 | 3.26 | 37.90 | 41.16 | NOTE | |
r-devel-linux-x86_64-debian-gcc | 0.2.2 | 2.17 | 28.08 | 30.25 | NOTE | |
r-devel-linux-x86_64-fedora-clang | 0.2.2 | 49.90 | NOTE | |||
r-devel-linux-x86_64-fedora-gcc | 0.2.2 | 60.72 | NOTE | |||
r-devel-windows-x86_64 | 0.2.2 | 6.00 | 50.00 | 56.00 | NOTE | |
r-patched-linux-x86_64 | 0.2.2 | 2.19 | 35.53 | 37.72 | NOTE | |
r-release-linux-x86_64 | 0.2.2 | 2.33 | 35.27 | 37.60 | NOTE | |
r-release-macos-arm64 | 0.2.2 | 28.00 | NOTE | |||
r-release-macos-x86_64 | 0.2.2 | 38.00 | NOTE | |||
r-release-windows-x86_64 | 0.2.2 | 5.00 | 53.00 | 58.00 | NOTE | |
r-oldrel-macos-arm64 | 0.2.2 | 21.00 | NOTE | |||
r-oldrel-macos-x86_64 | 0.2.2 | 36.00 | NOTE | |||
r-oldrel-windows-x86_64 | 0.2.2 | 6.00 | 55.00 | 61.00 | NOTE |
Version: 0.2.2
Check: LazyData
Result: NOTE
'LazyData' is specified without a 'data' directory
Flavors: r-devel-linux-x86_64-debian-clang, r-devel-linux-x86_64-debian-gcc, r-devel-linux-x86_64-fedora-clang, r-devel-linux-x86_64-fedora-gcc, r-devel-windows-x86_64, r-patched-linux-x86_64, r-release-linux-x86_64, r-release-macos-arm64, r-release-macos-x86_64, r-release-windows-x86_64, r-oldrel-macos-arm64, r-oldrel-macos-x86_64, r-oldrel-windows-x86_64