Last updated on 2023-12-05 09:50:00 CET.
Flavor | Version | Tinstall | Tcheck | Ttotal | Status | Flags |
---|---|---|---|---|---|---|
r-devel-linux-x86_64-debian-clang | 1.0-9 | 15.20 | 99.44 | 114.64 | OK | |
r-devel-linux-x86_64-debian-gcc | 1.0-9 | 13.07 | 72.24 | 85.31 | OK | |
r-devel-linux-x86_64-fedora-clang | 1.0-9 | 141.76 | OK | |||
r-devel-linux-x86_64-fedora-gcc | 1.0-9 | 134.59 | OK | |||
r-devel-windows-x86_64 | 1.0-9 | 17.00 | 101.00 | 118.00 | OK | |
r-patched-linux-x86_64 | 1.0-9 | 11.12 | 92.21 | 103.33 | OK | |
r-release-linux-x86_64 | 1.0-9 | 13.03 | 92.77 | 105.80 | OK | |
r-release-macos-arm64 | 1.0-9 | 44.00 | OK | |||
r-release-macos-x86_64 | 1.0-9 | 64.00 | NOTE | |||
r-release-windows-x86_64 | 1.0-9 | 20.00 | 115.00 | 135.00 | OK | |
r-oldrel-macos-arm64 | 1.0-9 | 46.00 | OK | |||
r-oldrel-macos-x86_64 | 1.0-9 | 64.00 | OK | |||
r-oldrel-windows-x86_64 | 1.0-9 | 23.00 | 114.00 | 137.00 | OK |
Version: 1.0-9
Check: package dependencies
Result: NOTE
Packages suggested but not available for checking:
'fields', 'lme4', 'rworldmap', 'statnet'
Flavor: r-release-macos-x86_64