Last updated on 2024-04-22 12:55:38 CEST.
Flavor | Version | Tinstall | Tcheck | Ttotal | Status | Flags |
---|---|---|---|---|---|---|
r-devel-linux-x86_64-debian-clang | 0.1.6 | 8.80 | 87.35 | 96.15 | NOTE | |
r-devel-linux-x86_64-debian-gcc | 0.1.6 | 6.47 | 66.01 | 72.48 | NOTE | |
r-devel-linux-x86_64-fedora-clang | 0.1.6 | 123.76 | NOTE | |||
r-devel-linux-x86_64-fedora-gcc | 0.1.6 | 128.09 | NOTE | |||
r-prerel-macos-arm64 | 0.1.6 | 42.00 | NOTE | |||
r-prerel-macos-x86_64 | 0.1.6 | 101.00 | NOTE | |||
r-prerel-windows-x86_64 | 0.1.6 | 9.00 | 82.00 | 91.00 | NOTE | |
r-patched-linux-x86_64 | 0.1.6 | 8.13 | 82.31 | 90.44 | NOTE | |
r-release-linux-x86_64 | 0.1.6 | 7.40 | 79.82 | 87.22 | NOTE | |
r-release-macos-arm64 | 0.1.6 | 49.00 | NOTE | |||
r-release-macos-x86_64 | 0.1.6 | 81.00 | NOTE | |||
r-release-windows-x86_64 | 0.1.6 | 12.00 | 94.00 | 106.00 | NOTE | |
r-oldrel-macos-arm64 | 0.1.6 | 40.00 | NOTE | |||
r-oldrel-windows-x86_64 | 0.1.6 | 11.00 | 101.00 | 112.00 | NOTE |
Version: 0.1.6
Check: package dependencies
Result: NOTE
Package suggested but not available for checking: ‘epidict’
Flavors: r-devel-linux-x86_64-debian-clang, r-devel-linux-x86_64-debian-gcc, r-devel-linux-x86_64-fedora-clang, r-devel-linux-x86_64-fedora-gcc, r-prerel-macos-arm64, r-prerel-macos-x86_64, r-prerel-windows-x86_64, r-patched-linux-x86_64, r-release-linux-x86_64, r-release-macos-arm64, r-release-macos-x86_64, r-release-windows-x86_64, r-oldrel-macos-arm64, r-oldrel-windows-x86_64