Last updated on 2023-02-02 11:53:58 CET.
Flavor | Version | Tinstall | Tcheck | Ttotal | Status | Flags |
---|---|---|---|---|---|---|
r-devel-linux-x86_64-debian-clang | 0.2.0 | 4.57 | 93.01 | 97.58 | OK | |
r-devel-linux-x86_64-debian-gcc | 0.2.0 | 4.01 | 68.27 | 72.28 | OK | |
r-devel-linux-x86_64-fedora-clang | 0.2.0 | 119.63 | NOTE | |||
r-devel-linux-x86_64-fedora-gcc | 0.2.0 | 149.51 | NOTE | |||
r-devel-windows-x86_64 | 0.2.0 | 36.00 | 142.00 | 178.00 | OK | |
r-patched-linux-x86_64 | 0.2.0 | 12.95 | 89.82 | 102.77 | OK | |
r-release-linux-x86_64 | 0.2.0 | 3.66 | 84.53 | 88.19 | OK | |
r-release-macos-arm64 | 0.2.0 | 37.00 | NOTE | |||
r-release-macos-x86_64 | 0.2.0 | 74.00 | NOTE | |||
r-release-windows-x86_64 | 0.2.0 | 34.00 | 141.00 | 175.00 | OK | |
r-oldrel-macos-arm64 | 0.2.0 | 92.00 | NOTE | |||
r-oldrel-macos-x86_64 | 0.2.0 | 62.00 | NOTE | |||
r-oldrel-windows-ix86+x86_64 | 0.2.0 | 13.00 | 122.00 | 135.00 | OK |
Version: 0.2.0
Check: dependencies in R code
Result: NOTE
Namespace in Imports field not imported from: ‘htmlwidgets’
All declared Imports should be used.
Flavors: r-devel-linux-x86_64-fedora-clang, r-devel-linux-x86_64-fedora-gcc, r-release-macos-arm64, r-release-macos-x86_64, r-oldrel-macos-arm64, r-oldrel-macos-x86_64