CRAN Package Check Results for Package epifitter

Last updated on 2022-06-30 11:53:07 CEST.

Flavor Version Tinstall Tcheck Ttotal Status Flags
r-devel-linux-x86_64-debian-clang 0.3.0 4.08 79.22 83.30 OK
r-devel-linux-x86_64-debian-gcc 0.3.0 2.78 59.54 62.32 OK
r-devel-linux-x86_64-fedora-clang 0.3.0 109.32 NOTE
r-devel-linux-x86_64-fedora-gcc 0.3.0 105.20 NOTE
r-devel-windows-x86_64 0.3.0 29.00 113.00 142.00 OK
r-patched-linux-x86_64 0.3.0 3.38 74.57 77.95 OK
r-release-linux-x86_64 0.3.0 3.79 75.28 79.07 OK
r-release-macos-arm64 0.3.0 39.00 NOTE
r-release-macos-x86_64 0.3.0 68.00 NOTE
r-release-windows-x86_64 0.3.0 29.00 105.00 134.00 OK
r-oldrel-macos-arm64 0.3.0 50.00 NOTE
r-oldrel-macos-x86_64 0.3.0 46.00 NOTE
r-oldrel-windows-ix86+x86_64 0.3.0 9.00 97.00 106.00 OK

Check Details

Version: 0.3.0
Check: dependencies in R code
Result: NOTE
    Namespace in Imports field not imported from: ‘knitr’
     All declared Imports should be used.
Flavors: r-devel-linux-x86_64-fedora-clang, r-devel-linux-x86_64-fedora-gcc, r-release-macos-arm64, r-release-macos-x86_64, r-oldrel-macos-arm64, r-oldrel-macos-x86_64