Last updated on 2024-04-17 10:41:35 CEST.
Flavor | Version | Tinstall | Tcheck | Ttotal | Status | Flags |
---|---|---|---|---|---|---|
r-devel-linux-x86_64-debian-clang | 0.4.0 | 7.26 | 60.06 | 67.32 | OK | |
r-devel-linux-x86_64-debian-gcc | 0.4.0 | 4.77 | 44.60 | 49.37 | OK | |
r-devel-linux-x86_64-fedora-clang | 0.4.0 | 83.22 | NOTE | |||
r-devel-linux-x86_64-fedora-gcc | 0.4.0 | 78.63 | NOTE | |||
r-prerel-macos-arm64 | 0.4.0 | 51.00 | OK | |||
r-prerel-windows-x86_64 | 0.4.0 | 9.00 | 83.00 | 92.00 | OK | |
r-patched-linux-x86_64 | 0.4.0 | 6.72 | 55.95 | 62.67 | OK | |
r-release-linux-x86_64 | 0.4.0 | 6.72 | 55.29 | 62.01 | OK | |
r-release-macos-arm64 | 0.4.0 | 50.00 | OK | |||
r-release-macos-x86_64 | 0.4.0 | 62.00 | OK | |||
r-release-windows-x86_64 | 0.4.0 | 10.00 | 90.00 | 100.00 | OK | |
r-oldrel-macos-arm64 | 0.4.0 | 178.00 | NOTE | |||
r-oldrel-windows-x86_64 | 0.4.0 | 10.00 | 91.00 | 101.00 | OK |
Version: 0.4.0
Check: dependencies in R code
Result: NOTE
Namespace in Imports field not imported from: ‘tinytest’
All declared Imports should be used.
Flavors: r-devel-linux-x86_64-fedora-clang, r-devel-linux-x86_64-fedora-gcc, r-oldrel-macos-arm64