Last updated on 2022-06-27 11:50:42 CEST.
Flavor | Version | Tinstall | Tcheck | Ttotal | Status | Flags |
---|---|---|---|---|---|---|
r-devel-linux-x86_64-debian-clang | 0.4.0 | 6.95 | 65.20 | 72.15 | OK | |
r-devel-linux-x86_64-debian-gcc | 0.4.0 | 5.20 | 47.57 | 52.77 | OK | |
r-devel-linux-x86_64-fedora-clang | 0.4.0 | 95.37 | NOTE | |||
r-devel-linux-x86_64-fedora-gcc | 0.4.0 | 91.56 | NOTE | |||
r-devel-windows-x86_64 | 0.4.0 | 30.00 | 113.00 | 143.00 | OK | |
r-patched-linux-x86_64 | 0.4.0 | 6.47 | 60.85 | 67.32 | OK | |
r-release-linux-x86_64 | 0.4.0 | 5.27 | 60.22 | 65.49 | OK | |
r-release-macos-arm64 | 0.4.0 | 178.00 | NOTE | |||
r-release-macos-x86_64 | 0.4.0 | 81.00 | NOTE | |||
r-release-windows-x86_64 | 0.4.0 | 32.00 | 108.00 | 140.00 | OK | |
r-oldrel-macos-arm64 | 0.4.0 | 54.00 | NOTE | |||
r-oldrel-macos-x86_64 | 0.4.0 | 80.00 | NOTE | |||
r-oldrel-windows-ix86+x86_64 | 0.4.0 | 16.00 | 411.00 | 427.00 | OK |
Version: 0.4.0
Check: dependencies in R code
Result: NOTE
Namespace in Imports field not imported from: ‘tinytest’
All declared Imports should be used.
Flavors: r-devel-linux-x86_64-fedora-clang, r-devel-linux-x86_64-fedora-gcc, r-release-macos-arm64, r-release-macos-x86_64, r-oldrel-macos-arm64, r-oldrel-macos-x86_64