Last updated on 2024-04-23 10:54:02 CEST.
Flavor | Version | Tinstall | Tcheck | Ttotal | Status | Flags |
---|---|---|---|---|---|---|
r-devel-linux-x86_64-debian-clang | 3.5.0.2 | 23.45 | 139.21 | 162.66 | NOTE | |
r-devel-linux-x86_64-debian-gcc | 3.5.0.2 | 14.26 | 97.85 | 112.11 | NOTE | |
r-devel-linux-x86_64-fedora-clang | 3.5.0.2 | 193.01 | NOTE | |||
r-devel-linux-x86_64-fedora-gcc | 3.5.0.2 | 179.40 | NOTE | |||
r-prerel-macos-arm64 | 3.5.0.2 | 50.00 | NOTE | |||
r-prerel-windows-x86_64 | 3.5.0.2 | 17.00 | 123.00 | 140.00 | NOTE | |
r-patched-linux-x86_64 | 3.5.0.2 | 20.72 | 131.22 | 151.94 | NOTE | |
r-release-linux-x86_64 | 3.5.0.2 | 19.54 | 134.17 | 153.71 | NOTE | |
r-release-macos-arm64 | 3.5.0.2 | 53.00 | NOTE | |||
r-release-macos-x86_64 | 3.5.0.2 | 91.00 | NOTE | |||
r-release-windows-x86_64 | 3.5.0.2 | 22.00 | 153.00 | 175.00 | NOTE | |
r-oldrel-macos-arm64 | 3.5.0.2 | 53.00 | OK | |||
r-oldrel-windows-x86_64 | 3.5.0.2 | 20.00 | 150.00 | 170.00 | OK |
Version: 3.5.0.2
Check: Rd files
Result: NOTE
checkRd: (-1) risk.display.rd:98: Escaped LaTeX specials: \$
Flavors: r-devel-linux-x86_64-debian-clang, r-devel-linux-x86_64-debian-gcc, r-devel-linux-x86_64-fedora-clang, r-devel-linux-x86_64-fedora-gcc, r-prerel-macos-arm64, r-prerel-windows-x86_64, r-patched-linux-x86_64, r-release-linux-x86_64, r-release-macos-arm64, r-release-macos-x86_64, r-release-windows-x86_64