Last updated on 2022-06-24 11:52:07 CEST.
Flavor | Version | Tinstall | Tcheck | Ttotal | Status | Flags |
---|---|---|---|---|---|---|
r-devel-linux-x86_64-debian-clang | 3.5.0.2 | 18.88 | 130.17 | 149.05 | NOTE | |
r-devel-linux-x86_64-debian-gcc | 3.5.0.2 | 12.90 | 98.72 | 111.62 | NOTE | |
r-devel-linux-x86_64-fedora-clang | 3.5.0.2 | 199.74 | NOTE | |||
r-devel-linux-x86_64-fedora-gcc | 3.5.0.2 | 185.98 | NOTE | |||
r-devel-windows-x86_64 | 3.5.0.2 | 72.00 | 158.00 | 230.00 | NOTE | |
r-patched-linux-x86_64 | 3.5.0.2 | 20.53 | 123.53 | 144.06 | OK | |
r-release-linux-x86_64 | 3.5.0.2 | 14.64 | 124.78 | 139.42 | OK | |
r-release-macos-arm64 | 3.5.0.2 | 57.00 | OK | |||
r-release-macos-x86_64 | 3.5.0.2 | 73.00 | OK | |||
r-release-windows-x86_64 | 3.5.0.2 | 110.00 | 156.00 | 266.00 | OK | |
r-oldrel-macos-arm64 | 3.5.0.2 | 47.00 | OK | |||
r-oldrel-macos-x86_64 | 3.5.0.2 | 71.00 | OK | |||
r-oldrel-windows-ix86+x86_64 | 3.5.0.2 | 34.00 | 154.00 | 188.00 | OK |
Version: 3.5.0.2
Check: Rd files
Result: NOTE
checkRd: (-1) risk.display.rd:98: Escaped LaTeX specials: \$
Flavors: r-devel-linux-x86_64-debian-clang, r-devel-linux-x86_64-debian-gcc, r-devel-linux-x86_64-fedora-clang, r-devel-linux-x86_64-fedora-gcc, r-devel-windows-x86_64