CRAN Package Check Results for Package eph

Last updated on 2024-02-21 11:01:07 CET.

Flavor Version Tinstall Tcheck Ttotal Status Flags
r-devel-linux-x86_64-debian-clang 1.0.0 OK
r-devel-linux-x86_64-debian-gcc 1.0.0 5.39 106.47 111.86 OK
r-devel-linux-x86_64-fedora-clang 1.0.0 175.30 NOTE
r-devel-linux-x86_64-fedora-gcc 1.0.0 193.68 NOTE
r-devel-windows-x86_64 1.0.0 8.00 145.00 153.00 OK
r-patched-linux-x86_64 1.0.0 6.29 136.76 143.05 OK
r-release-linux-x86_64 1.0.0 5.31 134.66 139.97 OK
r-release-macos-arm64 1.0.0 137.00 OK
r-release-macos-x86_64 1.0.0 188.00 OK
r-release-windows-x86_64 1.0.0 11.00 164.00 175.00 OK
r-oldrel-macos-arm64 1.0.0 117.00 OK
r-oldrel-windows-x86_64 1.0.0 11.00 165.00 176.00 OK

Check Details

Version: 1.0.0
Check: data for non-ASCII characters
Result: NOTE Note: found 1 marked Latin-1 string Note: found 1508 marked UTF-8 strings Flavors: r-devel-linux-x86_64-fedora-clang, r-devel-linux-x86_64-fedora-gcc