Last updated on 2024-04-26 12:54:31 CEST.
Flavor | Version | Tinstall | Tcheck | Ttotal | Status | Flags |
---|---|---|---|---|---|---|
r-devel-linux-x86_64-debian-clang | 2.6 | 8.54 | 38.61 | 47.15 | NOTE | |
r-devel-linux-x86_64-debian-gcc | 2.6 | 7.21 | 29.46 | 36.67 | NOTE | |
r-devel-linux-x86_64-fedora-clang | 2.6 | 61.49 | NOTE | |||
r-devel-linux-x86_64-fedora-gcc | 2.6 | 60.23 | NOTE | |||
r-devel-windows-x86_64 | 2.6 | 13.00 | 57.00 | 70.00 | NOTE | |
r-patched-linux-x86_64 | 2.6 | 10.05 | 38.33 | 48.38 | OK | |
r-release-linux-x86_64 | 2.6 | 7.74 | 37.25 | 44.99 | OK | |
r-release-macos-arm64 | 2.6 | 22.00 | OK | |||
r-release-windows-x86_64 | 2.6 | 12.00 | 50.00 | 62.00 | OK | |
r-oldrel-macos-arm64 | 2.6 | 23.00 | OK | |||
r-oldrel-macos-x86_64 | 2.6 | 33.00 | OK | |||
r-oldrel-windows-x86_64 | 2.6 | 12.00 | 55.00 | 67.00 | OK |
Version: 2.6
Check: compiled code
Result: NOTE
File ‘enviPat/libs/enviPat.so’:
Found non-API call to R: ‘SETLENGTH’
Compiled code should not call non-API entry points in R.
See ‘Writing portable packages’ in the ‘Writing R Extensions’ manual.
Flavors: r-devel-linux-x86_64-debian-clang, r-devel-linux-x86_64-debian-gcc, r-devel-linux-x86_64-fedora-clang, r-devel-linux-x86_64-fedora-gcc
Version: 2.6
Check: compiled code
Result: NOTE
File 'enviPat/libs/x64/enviPat.dll':
Found non-API call to R: 'SETLENGTH'
Compiled code should not call non-API entry points in R.
See 'Writing portable packages' in the 'Writing R Extensions' manual.
Flavor: r-devel-windows-x86_64