CRAN Package Check Results for Package ensembleTax

Last updated on 2022-06-27 11:50:42 CEST.

Flavor Version Tinstall Tcheck Ttotal Status Flags
r-devel-linux-x86_64-debian-clang 1.1.1 6.11 59.81 65.92 OK
r-devel-linux-x86_64-debian-gcc 1.1.1 4.64 45.87 50.51 OK
r-devel-linux-x86_64-fedora-clang 1.1.1 89.76 NOTE
r-devel-linux-x86_64-fedora-gcc 1.1.1 87.14 NOTE
r-devel-windows-x86_64 1.1.1 41.00 98.00 139.00 OK
r-patched-linux-x86_64 1.1.1 6.10 56.85 62.95 OK
r-release-linux-x86_64 1.1.1 5.44 57.13 62.57 OK
r-release-macos-arm64 1.1.1 35.00 NOTE
r-release-macos-x86_64 1.1.1 52.00 NOTE
r-release-windows-x86_64 1.1.1 40.00 94.00 134.00 OK
r-oldrel-macos-arm64 1.1.1 66.00 NOTE
r-oldrel-macos-x86_64 1.1.1 41.00 NOTE
r-oldrel-windows-ix86+x86_64 1.1.1 14.00 74.00 88.00 OK

Check Details

Version: 1.1.1
Check: dependencies in R code
Result: NOTE
    Namespaces in Imports field not imported from:
     ‘Biostrings’ ‘DECIPHER’ ‘ggplot2’ ‘reshape2’ ‘usethis’
     All declared Imports should be used.
Flavors: r-devel-linux-x86_64-fedora-clang, r-devel-linux-x86_64-fedora-gcc, r-release-macos-arm64, r-release-macos-x86_64, r-oldrel-macos-arm64, r-oldrel-macos-x86_64