Last updated on 2025-05-12 13:50:11 CEST.
Flavor | Version | Tinstall | Tcheck | Ttotal | Status | Flags |
---|---|---|---|---|---|---|
r-devel-linux-x86_64-debian-clang | 0.2.1 | 1.70 | 19.88 | 21.58 | OK | |
r-devel-linux-x86_64-debian-gcc | 0.2.1 | 1.08 | 16.24 | 17.32 | OK | |
r-devel-linux-x86_64-fedora-clang | 0.2.1 | 31.57 | OK | |||
r-devel-linux-x86_64-fedora-gcc | 0.2.1 | 31.25 | OK | |||
r-devel-windows-x86_64 | 0.2.1 | 3.00 | 40.00 | 43.00 | OK | |
r-patched-linux-x86_64 | 0.2.1 | 1.61 | 17.90 | 19.51 | OK | |
r-release-linux-x86_64 | 0.2.1 | 1.74 | 18.01 | 19.75 | OK | |
r-release-macos-arm64 | 0.2.1 | 16.00 | OK | |||
r-release-macos-x86_64 | 0.2.1 | 23.00 | OK | |||
r-release-windows-x86_64 | 0.2.1 | 4.00 | 41.00 | 45.00 | OK | |
r-oldrel-macos-arm64 | 0.2.1 | 17.00 | NOTE | |||
r-oldrel-macos-x86_64 | 0.2.1 | 27.00 | NOTE | |||
r-oldrel-windows-x86_64 | 0.2.1 | 4.00 | 42.00 | 46.00 | NOTE |
Version: 0.2.1
Check: LazyData
Result: NOTE
'LazyData' is specified without a 'data' directory
Flavors: r-oldrel-macos-arm64, r-oldrel-macos-x86_64, r-oldrel-windows-x86_64