CRAN Package Check Results for Package ems

Last updated on 2022-06-29 11:52:08 CEST.

Flavor Version Tinstall Tcheck Ttotal Status Flags
r-devel-linux-x86_64-debian-clang 1.3.11 24.59 154.37 178.96 OK
r-devel-linux-x86_64-debian-gcc 1.3.11 13.25 114.99 128.24 OK
r-devel-linux-x86_64-fedora-clang 1.3.11 219.60 NOTE
r-devel-linux-x86_64-fedora-gcc 1.3.11 216.57 NOTE
r-devel-windows-x86_64 1.3.11 28.00 166.00 194.00 OK
r-patched-linux-x86_64 1.3.11 14.87 144.04 158.91 OK
r-release-linux-x86_64 1.3.11 14.46 145.13 159.59 OK
r-release-macos-arm64 1.3.11 59.00 NOTE
r-release-macos-x86_64 1.3.11 91.00 NOTE
r-release-windows-x86_64 1.3.11 29.00 163.00 192.00 OK
r-oldrel-macos-arm64 1.3.11 65.00 NOTE
r-oldrel-macos-x86_64 1.3.11 88.00 NOTE
r-oldrel-windows-ix86+x86_64 1.3.11 42.00 168.00 210.00 OK

Check Details

Version: 1.3.11
Check: data for non-ASCII characters
Result: NOTE
     Note: found 23639 marked Latin-1 strings
Flavors: r-devel-linux-x86_64-fedora-clang, r-devel-linux-x86_64-fedora-gcc, r-release-macos-arm64, r-release-macos-x86_64, r-oldrel-macos-arm64, r-oldrel-macos-x86_64