Last updated on 2024-04-23 10:54:01 CEST.
Flavor | Version | Tinstall | Tcheck | Ttotal | Status | Flags |
---|---|---|---|---|---|---|
r-devel-linux-x86_64-debian-clang | 1.3.11 | 23.59 | 148.65 | 172.24 | OK | |
r-devel-linux-x86_64-debian-gcc | 1.3.11 | 15.74 | 109.35 | 125.09 | OK | |
r-devel-linux-x86_64-fedora-clang | 1.3.11 | 209.99 | NOTE | |||
r-devel-linux-x86_64-fedora-gcc | 1.3.11 | 197.21 | NOTE | |||
r-prerel-macos-arm64 | 1.3.11 | 49.00 | OK | |||
r-prerel-windows-x86_64 | 1.3.11 | 18.00 | 117.00 | 135.00 | OK | |
r-patched-linux-x86_64 | 1.3.11 | 18.43 | 139.08 | 157.51 | OK | |
r-release-linux-x86_64 | 1.3.11 | 12.52 | 143.32 | 155.84 | OK | |
r-release-macos-arm64 | 1.3.11 | 56.00 | OK | |||
r-release-macos-x86_64 | 1.3.11 | 97.00 | OK | |||
r-release-windows-x86_64 | 1.3.11 | 22.00 | 147.00 | 169.00 | OK | |
r-oldrel-macos-arm64 | 1.3.11 | 59.00 | NOTE | |||
r-oldrel-windows-x86_64 | 1.3.11 | 23.00 | 139.00 | 162.00 | OK |
Version: 1.3.11
Check: data for non-ASCII characters
Result: NOTE
Note: found 23639 marked Latin-1 strings
Flavors: r-devel-linux-x86_64-fedora-clang, r-devel-linux-x86_64-fedora-gcc, r-oldrel-macos-arm64