Last updated on 2024-08-16 12:49:07 CEST.
Flavor | Version | Tinstall | Tcheck | Ttotal | Status | Flags |
---|---|---|---|---|---|---|
r-devel-linux-x86_64-debian-clang | 1.3.11 | 16.31 | 113.99 | 130.30 | OK | |
r-devel-linux-x86_64-debian-gcc | 1.3.11 | 11.79 | 81.13 | 92.92 | OK | |
r-devel-linux-x86_64-fedora-clang | 1.3.11 | 213.53 | NOTE | |||
r-devel-linux-x86_64-fedora-gcc | 1.3.11 | 200.87 | NOTE | |||
r-devel-windows-x86_64 | 1.3.11 | 16.00 | 120.00 | 136.00 | OK | |
r-patched-linux-x86_64 | 1.3.11 | 18.40 | 107.49 | 125.89 | OK | |
r-release-linux-x86_64 | 1.3.11 | 16.53 | 108.24 | 124.77 | OK | |
r-release-macos-arm64 | 1.3.11 | 49.00 | OK | |||
r-release-macos-x86_64 | 1.3.11 | 85.00 | OK | |||
r-release-windows-x86_64 | 1.3.11 | 17.00 | 119.00 | 136.00 | OK | |
r-oldrel-macos-arm64 | 1.3.11 | 56.00 | OK | |||
r-oldrel-macos-x86_64 | 1.3.11 | 97.00 | OK | |||
r-oldrel-windows-x86_64 | 1.3.11 | 23.00 | 148.00 | 171.00 | OK |
Version: 1.3.11
Check: data for non-ASCII characters
Result: NOTE
Note: found 23639 marked Latin-1 strings
Flavors: r-devel-linux-x86_64-fedora-clang, r-devel-linux-x86_64-fedora-gcc